{"id":379,"date":"2017-03-06T22:46:30","date_gmt":"2017-03-06T22:46:30","guid":{"rendered":"http:\/\/faunaautoctona.com\/web\/?page_id=379"},"modified":"2017-05-29T22:18:16","modified_gmt":"2017-05-29T22:18:16","slug":"anillas","status":"publish","type":"page","link":"http:\/\/faunaautoctona.com\/web\/anillas\/","title":{"rendered":"Anillas"},"content":{"rendered":"<p><strong><u>SERVICIO DE INTENDENCIA DE ANILLAS:<\/u><\/strong><\/p>\n<table width=\"102%\">\n<tbody>\n<tr>\n<td width=\"671\"><\/td>\n<td width=\"6\"><\/td>\n<\/tr>\n<tr>\n<td colspan=\"2\" width=\"679\"><strong><u>NORMATIVA SOLICITUD ANILLAS PARA 2018<\/u><\/strong><\/p>\n<p><strong><u>Convocatoria Ex\u00f3ticos:<\/u><\/strong>\u00a0 Del 16 de Abril al 30 de junio.\u00a0\u00a0\u00a0\u00a0\u00a0\u00a0\u00a0\u00a0 Entrega a partir del 15 octubre 2017.<\/p>\n<p><strong><u>1\u00aa Convocatoria:<\/u><\/strong><strong> \u00a0<\/strong>Del 1 de junio al 20 de julio.\u00a0\u00a0\u00a0\u00a0\u00a0\u00a0\u00a0\u00a0\u00a0\u00a0\u00a0\u00a0\u00a0\u00a0\u00a0\u00a0\u00a0\u00a0\u00a0\u00a0\u00a0\u00a0\u00a0\u00a0 Entrega en noviembre. 2017<\/p>\n<p><strong><u>2\u00aa Convocatoria:<\/u><\/strong><strong>\u00a0 <\/strong>Del 21 de julio al 20 de septiembre\u00a0\u00a0\u00a0\u00a0\u00a0\u00a0\u00a0\u00a0\u00a0\u00a0\u00a0\u00a0\u00a0 Entrega en diciembre.2017<\/p>\n<p><strong><u>3\u00aa Convocatoria:<\/u><\/strong>\u00a0 Del 21 de septiembre\u00a0 al 20 de noviembre\u00a0\u00a0 Entrega en enero \u00a02018<\/p>\n<p><strong><u>4\u00aa Convocatoria:<\/u><\/strong>\u00a0 Del 21 de noviembre al 21 de diciembre\u00a0\u00a0\u00a0\u00a0 Entrega febrero 2018<\/p>\n<p><strong><u>5\u00aa Convocatoria:<\/u><\/strong>\u00a0 Del 22 de diciembre al 20 de febrero\u00a0\u00a0\u00a0\u00a0\u00a0\u00a0\u00a0\u00a0\u00a0 Sin fecha de entrega a partir de marzo 2018<\/p>\n<p>Las anillas para este a\u00f1o son de aluminio de color<\/p>\n<p>Las fechas de entrega son aproximadas, dependiendo del fabricante,\u00a0 no siendo responsabilidad de la FEDERACI\u00d3 ORNITOL\u00d2GICA CATALANA.<\/p>\n<p><strong>\u00a0<\/strong><strong>No se tramitaran solicitudes de anillas sin el correspondiente justificante de ingreso en la cuenta de la sociedad faunaautoctona, el cual se deber\u00e1 enviar por\u00a0 correo electr\u00f3nico a la direcci\u00f3n que constan en la hoja de petici\u00f3n de anillas.<\/strong><\/p>\n<p><strong>no se entregaran anillas sin la cuota del a\u00f1o en curso abonada<\/strong><\/p>\n<p><strong>No se tramitar\u00e1n solicitudes de anillas si no son solicitadas por el presidente de la asociaci\u00f3n o el intendente de anillas autorizado.<\/strong><\/p>\n<p>El n\u00famero m\u00ednimo de anillas por criador ser\u00e1 de 50 unidades pudiendo aumentar de 10 en 10<\/p>\n<p>La cantidad m\u00ednima por criador para tener derecho a la revista de COE (Nuestros P\u00e1jaros) es de 50 unidades.<\/p>\n<p>Los calibres var\u00edan seg\u00fan el fabricante, consultar di\u00e1metros en los impresos de solicitud<\/p>\n<p><strong><em><u>CALIBRES<\/u><\/em><\/strong><strong><em>: (todas las medidas est\u00e1n indicadas en mil\u00edmetros)<\/em><\/strong><\/p>\n<ul>\n<li>Anillas aluminio calibres normales (m\u00ednimo 50 anillas)<\/li>\n<\/ul>\n<p>\u00b7\u00a0\u00a0\u00a0\u00a0\u00a0\u00a0\u00a0\u00a0 <strong>2,0 &#8211; 2,3 &#8211; 2,5 \u2013 2,7 &#8211; 3,0 &#8211; 3,3 \u2013 3,5 &#8211; 4,0 &#8211; 4,2 \u2013 4,5 &#8211; 5,0 &#8211; 5,2 \u2013 6,0 \u2013 7,0<\/strong><\/p>\n<p><strong>Para calibres de diferente medida o especiales consultar.<\/strong><\/p>\n<p><strong>LOS LISTADOS ABAJO INDICADOS, SOLO PUEDEN SER UTILIZADOS POR LOS RESPECTIVOS INTENDENTES DE ANILLAS DE LAS ASOCIACIONES, PARA REALIZAR LOS PEDIDOS GENERALES DE TODOS SUS SOCIOS.SE RECUERDA QUE LOS CRIADORES, DEBEN DIRIGIRSE A SUS RESPECTIVAS ASOCIACIONES, PARA PODER REALIZAR LAS SOLICITUDES DE ANILLAS PARA LA TEMPORADA 2017.<\/strong><\/td>\n<\/tr>\n<\/tbody>\n<\/table>\n<p style=\"text-align: center;\">\n<p style=\"text-align: center;\">\n<p style=\"text-align: center;\">\n<p style=\"text-align: center;\"><div role=\"form\" class=\"wpcf7\" id=\"wpcf7-f410-o1\" lang=\"es-ES\" dir=\"ltr\">\n<div class=\"screen-reader-response\" role=\"alert\" aria-live=\"polite\"><\/div>\n<form action=\"\/web\/wp-json\/wp\/v2\/pages\/379#wpcf7-f410-o1\" method=\"post\" class=\"wpcf7-form init\" novalidate=\"novalidate\">\n<div style=\"display: none;\">\n<input type=\"hidden\" name=\"_wpcf7\" value=\"410\" \/>\n<input type=\"hidden\" name=\"_wpcf7_version\" value=\"5.2.2\" \/>\n<input type=\"hidden\" name=\"_wpcf7_locale\" value=\"es_ES\" \/>\n<input type=\"hidden\" name=\"_wpcf7_unit_tag\" value=\"wpcf7-f410-o1\" \/>\n<input type=\"hidden\" name=\"_wpcf7_container_post\" value=\"0\" \/>\n<input type=\"hidden\" name=\"_wpcf7_posted_data_hash\" value=\"\" \/>\n<\/div>\n<p><label> Nombre y apellidos<br \/>\n    <span class=\"wpcf7-form-control-wrap your-name\"><input type=\"text\" name=\"your-name\" value=\"\" size=\"40\" class=\"wpcf7-form-control wpcf7-text wpcf7-validates-as-required\" aria-required=\"true\" aria-invalid=\"false\" \/><\/span> <\/label><br \/>\n<label> Tu correo electr\u00f3nico<br \/>\n    <span class=\"wpcf7-form-control-wrap your-email\"><input type=\"email\" name=\"your-email\" value=\"\" size=\"40\" class=\"wpcf7-form-control wpcf7-text wpcf7-email wpcf7-validates-as-required wpcf7-validates-as-email\" aria-required=\"true\" aria-invalid=\"false\" \/><\/span> <\/label><br \/>\n<label> Socio n\u00ba<br \/>\n    <span class=\"wpcf7-form-control-wrap your-subject\"><input type=\"text\" name=\"your-subject\" value=\"\" size=\"40\" class=\"wpcf7-form-control wpcf7-text wpcf7-validates-as-required\" aria-required=\"true\" aria-invalid=\"false\" \/><\/span> <\/label><br \/>\n<label> Numero Criador<br \/>\n    <span class=\"wpcf7-form-control-wrap your-subject1\"><input type=\"text\" name=\"your-subject1\" value=\"\" size=\"40\" class=\"wpcf7-form-control wpcf7-text wpcf7-validates-as-required\" aria-required=\"true\" aria-invalid=\"false\" \/><\/span> <\/label><\/p>\n<p>Anillas 1.8mm <span class=\"wpcf7-form-control-wrap number-888\"><input type=\"number\" name=\"number-888\" value=\"\" class=\"wpcf7-form-control wpcf7-number wpcf7-validates-as-number\" min=\"0\" max=\"1000\" aria-invalid=\"false\" \/><\/span><br \/>\nAnillas 2.0mm <span class=\"wpcf7-form-control-wrap number-8881\"><input type=\"number\" name=\"number-8881\" value=\"\" class=\"wpcf7-form-control wpcf7-number wpcf7-validates-as-number\" min=\"0\" max=\"1000\" aria-invalid=\"false\" \/><\/span><br \/>\nAnillas 2.5mm <span class=\"wpcf7-form-control-wrap number-8882\"><input type=\"number\" name=\"number-8882\" value=\"\" class=\"wpcf7-form-control wpcf7-number wpcf7-validates-as-number\" min=\"0\" max=\"1000\" aria-invalid=\"false\" \/><\/span><br \/>\nAnillas 2.7mm <span class=\"wpcf7-form-control-wrap number-8883\"><input type=\"number\" name=\"number-8883\" value=\"\" class=\"wpcf7-form-control wpcf7-number wpcf7-validates-as-number\" min=\"0\" max=\"1000\" aria-invalid=\"false\" \/><\/span><br \/>\nAnillas 3.0mm <span class=\"wpcf7-form-control-wrap number-8884\"><input type=\"number\" name=\"number-8884\" value=\"\" class=\"wpcf7-form-control wpcf7-number wpcf7-validates-as-number\" min=\"0\" max=\"1000\" aria-invalid=\"false\" \/><\/span><br \/>\nAnillas 3.2mm <span class=\"wpcf7-form-control-wrap number-8885\"><input type=\"number\" name=\"number-8885\" value=\"\" class=\"wpcf7-form-control wpcf7-number wpcf7-validates-as-number\" min=\"0\" max=\"1000\" aria-invalid=\"false\" \/><\/span><br \/>\nAnillas 4.0mm <span class=\"wpcf7-form-control-wrap number-8886\"><input type=\"number\" name=\"number-8886\" value=\"\" class=\"wpcf7-form-control wpcf7-number wpcf7-validates-as-number\" min=\"0\" max=\"1000\" aria-invalid=\"false\" \/><\/span><br \/>\nAnillas 5.0mm <span class=\"wpcf7-form-control-wrap number-8887\"><input type=\"number\" name=\"number-8887\" value=\"\" class=\"wpcf7-form-control wpcf7-number wpcf7-validates-as-number\" min=\"0\" max=\"1000\" aria-invalid=\"false\" \/><\/span><\/p>\n<p>* El pedido m\u00ednimo por a\u00f1o es de 50 anillas, pudiendo elegir (20-30) de distintos calibres , a partir de las 50 unidades el m\u00ednimo ser\u00e1 de 10 en 10 *<br \/>\n** El envio de las anillas se dar\u00e1 en las convocatorias establecidas en el a\u00f1o y se enviaran a la direcci\u00f3n del registro a no ser que se indique lo contrario **<\/p>\n<p>Explique en Mensaje cualquier duda que tenga, o alguna aclaraci\u00f3n.<br \/>\n<label> Mensaje<br \/>\n    <span class=\"wpcf7-form-control-wrap your-message\"><textarea name=\"your-message\" cols=\"40\" rows=\"10\" class=\"wpcf7-form-control wpcf7-textarea\" aria-invalid=\"false\"><\/textarea><\/span> <\/label><\/p>\n<p><input type=\"submit\" value=\"Enviar\" class=\"wpcf7-form-control wpcf7-submit\" \/><\/p>\n<div class=\"wpcf7-response-output\" role=\"alert\" aria-hidden=\"true\"><\/div><\/form><\/div><\/p>\n<p style=\"text-align: center;\"><strong>1,8 mm<\/strong><br \/>\nAmaranta de Senegal, Estrilda Perdiz, Bengali Pechigualdo , Carita Naranja<br \/>\n<strong>2 mm<\/strong><br \/>\nEstrilda ondulada, Bengali Verde, Bengali de la India, Yerbero de Cuba, Diamante Bichenov, Azulito de cabeza azul, Azulito de Senegal , Azulito de Angola, Noneta de Dorso bruno, Noneta, Noneta Bicolor, Amaranta Moteada, Pico de Plata, Pico de Coral, Cola de Vinagre, Verdecillo<br \/>\n<strong>2.3 mm<\/strong><br \/>\nEstrilda de Santa Elena, Amaranta Flameada, Verdearon Serrano Africano, Cantor de Africa, Diamante Peat\u00f3n, Amadina de Cabeza Perlada, Serin Rabadilla amarilla, Canario de Monzabique, Granatina, Granatina Violeta<br \/>\n<strong>2,5 mm<\/strong><br \/>\nRaza Espa\u00f1ola, Fife Fancy, Hosso Japon\u00e9s, Jilguero Espa\u00f1ol, Jilguero Europeo, Lugano , Pardillo Sicerin, Diamante de Manila, Damero, Danacola, capuchino de Cabeza Blanca, Emblema Picta, Cabecita negra, Tarin de Pecho Negro , Tarin Xantogastra, Negrito de Bolivia, Cardenalito de Venezuela, Diamante Papagayo, Diamante Goteado, Diamante de Kilittitz o Tricolor, Diamante de babero, Diamante Mandarin, Diamante Modesto, Diamante Enmascarado, Diamante Cuatricolor, Diamante de Forbes, Verdecillos X Canaria, Cardenalito X canaria, Canario de Monzabique X Canaria, Rabadilla Amarilla X Canaria, Cabecita Negras X Canaria Cardenalito X Jilguera, Pytilia Melba, Pytilia Africana, Esrtilda Aurora, Alario, Diamante Ruficauda, Pico de Plomo, Isabelita de Jap\u00f3n, Diamante de Goulds, Gorri\u00f3n Dorado del Sudan, Amadina fascista .<br \/>\n<strong>2,7 mm<\/strong><br \/>\nJilguero X Canaria, Lugano X Canaria, Pardillo Com\u00fan X Canaria , Negrito de Bolivia X Canaria, Verderon de China X Canaria, Jilguero X Verderona Com\u00fan, Pardillo Com\u00fan X Canaria, Pardillo Com\u00fan, Jilguero Siberiano, Gorri\u00f3n Molinero, Camachuelo Trompetero, Camachuelo Com\u00fan, Amadina de Cabeza Roja, Canario Silvestre, Serin de Vientre blanco, Canario de Santa Elena, Gran Noneta, Diamante Mandarin Gigante, Verderon de China, Verderon de Cabeza Negra, Verderon de Himalaya<br \/>\n<strong>3,0 mm<\/strong><br \/>\nCanarios de Color y Canto Todos<br \/>\nLizard, Mo\u00f1a Alemana, Padovano, Giboso Espa\u00f1ol, Scotch Fancy, Bernois, Rizado del Norte, Rizado del Sur, Melado Tinerfe\u00f1o, Rizado Suizo, Bossu Belga, Llarguet, Muniques, Gloster, Fiorino, Gibber Italicus, Serin Estriado, Serin Sulfuratus, Camachuelo Mexicanus, Camachuelo de alas Rosas, Inzon Vulgar, Gorrion Comun, Verderon Com\u00fan, Camachuelo del Norte, Verderon Com\u00fan Canaria , Camachuelo MexicanusX Canaria, Camachuelo Trompetero X Canaria.<br \/>\n<strong>3,3 -3,4 mm<\/strong><br \/>\nBourke, Esplendida, Edward o Turquesa, Agapornis de Cabeza Gris, Lancashire, Border, Norwich, Yorkshire, Rizado de Paris, Crest , Rizado Gigante Italiano, Paddas, T\u00f3rtolas Diamantes, T\u00f3rtolas Mascara de Hierro, Codorniz de China , Tortola estriada,<br \/>\n<strong>4,mm<\/strong><br \/>\nForpus, Agapornis, Rosicolis, Taranta, Periquito Barbado o Catarina<br \/>\n<strong>4.5 mm<\/strong><br \/>\nAgapornis Ficher, Personata, Periquito Ingles, Kakaariki de frente roja<br \/>\n<strong>5 mm<\/strong><br \/>\nNinfa , Rosella comun<br \/>\n<strong>6 mm<\/strong><br \/>\nCotorra Arco Iris, Rosella de Pennant , Colin de Virginia, T\u00f3rtola coraz\u00f3n sangrante, Tortola Turca, Tortola Com\u00fan<br \/>\n<strong>7 mm<\/strong><br \/>\nPeriquito de Kramer-<br \/>\nEL RESPONSABLE DEL CALIBRE , ES EL PROPIO CRIADOR DE LA ANILLA QUE COLOCA A SUS EJEMPLARES<br \/>\nTODO PAJARO QUE TENGA LA ANILLA DEFORMADA, ILEGIBLE O GRANDE, QUE LE PUEDA SER EXTRAIDA O INTRODUCIDA SERADESCALIFICADO.<\/p>\n","protected":false},"excerpt":{"rendered":"<p>SERVICIO DE INTENDENCIA DE ANILLAS: NORMATIVA SOLICITUD ANILLAS PARA 2018 Convocatoria Ex\u00f3ticos:\u00a0 Del 16 de Abril al 30 de junio.\u00a0\u00a0\u00a0\u00a0\u00a0\u00a0\u00a0\u00a0 Entrega a partir del 15 octubre 2017. 1\u00aa Convocatoria: \u00a0Del 1 de junio al 20 de julio.\u00a0\u00a0\u00a0\u00a0\u00a0\u00a0\u00a0\u00a0\u00a0\u00a0\u00a0\u00a0\u00a0\u00a0\u00a0\u00a0\u00a0\u00a0\u00a0\u00a0\u00a0\u00a0\u00a0\u00a0 Entrega en noviembre. 2017 2\u00aa Convocatoria:\u00a0 Del 21 de julio al 20 de septiembre\u00a0\u00a0\u00a0\u00a0\u00a0\u00a0\u00a0\u00a0\u00a0\u00a0\u00a0\u00a0\u00a0 Entrega en diciembre.2017 3\u00aa &hellip; <a href=\"http:\/\/faunaautoctona.com\/web\/anillas\/\" class=\"more-link\">Seguir leyendo <span class=\"screen-reader-text\">Anillas<\/span> <span class=\"meta-nav\">&rarr;<\/span><\/a><\/p>\n","protected":false},"author":1,"featured_media":0,"parent":0,"menu_order":0,"comment_status":"closed","ping_status":"closed","template":"","meta":{"spay_email":""},"yoast_head":"<!-- This site is optimized with the Yoast SEO plugin v14.9 - https:\/\/yoast.com\/wordpress\/plugins\/seo\/ -->\n<meta name=\"robots\" content=\"index, follow, max-snippet:-1, max-image-preview:large, max-video-preview:-1\" \/>\n<link rel=\"canonical\" href=\"http:\/\/faunaautoctona.com\/web\/anillas\/\" \/>\n<meta property=\"og:locale\" content=\"es_ES\" \/>\n<meta property=\"og:type\" content=\"article\" \/>\n<meta property=\"og:title\" content=\"Anillas - My CMS\" \/>\n<meta property=\"og:description\" content=\"SERVICIO DE INTENDENCIA DE ANILLAS: NORMATIVA SOLICITUD ANILLAS PARA 2018 Convocatoria Ex\u00f3ticos:\u00a0 Del 16 de Abril al 30 de junio.\u00a0\u00a0\u00a0\u00a0\u00a0\u00a0\u00a0\u00a0 Entrega a partir del 15 octubre 2017. 1\u00aa Convocatoria: \u00a0Del 1 de junio al 20 de julio.\u00a0\u00a0\u00a0\u00a0\u00a0\u00a0\u00a0\u00a0\u00a0\u00a0\u00a0\u00a0\u00a0\u00a0\u00a0\u00a0\u00a0\u00a0\u00a0\u00a0\u00a0\u00a0\u00a0\u00a0 Entrega en noviembre. 2017 2\u00aa Convocatoria:\u00a0 Del 21 de julio al 20 de septiembre\u00a0\u00a0\u00a0\u00a0\u00a0\u00a0\u00a0\u00a0\u00a0\u00a0\u00a0\u00a0\u00a0 Entrega en diciembre.2017 3\u00aa &hellip; Seguir leyendo Anillas &rarr;\" \/>\n<meta property=\"og:url\" content=\"http:\/\/faunaautoctona.com\/web\/anillas\/\" \/>\n<meta property=\"og:site_name\" content=\"My CMS\" \/>\n<meta property=\"article:publisher\" content=\"https:\/\/www.facebook.com\/groups\/1798967427016765\/?fref=nf\" \/>\n<meta property=\"article:modified_time\" content=\"2017-05-29T22:18:16+00:00\" \/>\n<meta name=\"twitter:card\" content=\"summary\" \/>\n<script type=\"application\/ld+json\" class=\"yoast-schema-graph\">{\"@context\":\"https:\/\/schema.org\",\"@graph\":[{\"@type\":\"WebSite\",\"@id\":\"http:\/\/faunaautoctona.com\/web\/#website\",\"url\":\"http:\/\/faunaautoctona.com\/web\/\",\"name\":\"My CMS\",\"description\":\"Tu Sociedad\",\"potentialAction\":[{\"@type\":\"SearchAction\",\"target\":\"http:\/\/faunaautoctona.com\/web\/?s={search_term_string}\",\"query-input\":\"required name=search_term_string\"}],\"inLanguage\":\"es\"},{\"@type\":\"WebPage\",\"@id\":\"http:\/\/faunaautoctona.com\/web\/anillas\/#webpage\",\"url\":\"http:\/\/faunaautoctona.com\/web\/anillas\/\",\"name\":\"Anillas - My CMS\",\"isPartOf\":{\"@id\":\"http:\/\/faunaautoctona.com\/web\/#website\"},\"datePublished\":\"2017-03-06T22:46:30+00:00\",\"dateModified\":\"2017-05-29T22:18:16+00:00\",\"inLanguage\":\"es\",\"potentialAction\":[{\"@type\":\"ReadAction\",\"target\":[\"http:\/\/faunaautoctona.com\/web\/anillas\/\"]}]}]}<\/script>\n<!-- \/ Yoast SEO plugin. -->","jetpack_sharing_enabled":true,"jetpack_shortlink":"https:\/\/wp.me\/P8t81g-67","jetpack-related-posts":[],"_links":{"self":[{"href":"http:\/\/faunaautoctona.com\/web\/wp-json\/wp\/v2\/pages\/379"}],"collection":[{"href":"http:\/\/faunaautoctona.com\/web\/wp-json\/wp\/v2\/pages"}],"about":[{"href":"http:\/\/faunaautoctona.com\/web\/wp-json\/wp\/v2\/types\/page"}],"author":[{"embeddable":true,"href":"http:\/\/faunaautoctona.com\/web\/wp-json\/wp\/v2\/users\/1"}],"replies":[{"embeddable":true,"href":"http:\/\/faunaautoctona.com\/web\/wp-json\/wp\/v2\/comments?post=379"}],"version-history":[{"count":6,"href":"http:\/\/faunaautoctona.com\/web\/wp-json\/wp\/v2\/pages\/379\/revisions"}],"predecessor-version":[{"id":574,"href":"http:\/\/faunaautoctona.com\/web\/wp-json\/wp\/v2\/pages\/379\/revisions\/574"}],"wp:attachment":[{"href":"http:\/\/faunaautoctona.com\/web\/wp-json\/wp\/v2\/media?parent=379"}],"curies":[{"name":"wp","href":"https:\/\/api.w.org\/{rel}","templated":true}]}}