{"id":748,"date":"2017-12-07T21:41:10","date_gmt":"2017-12-07T21:41:10","guid":{"rendered":"http:\/\/faunaautoctona.com\/web\/?page_id=748"},"modified":"2017-12-12T21:04:13","modified_gmt":"2017-12-12T21:04:13","slug":"socios","status":"publish","type":"page","link":"http:\/\/faunaautoctona.com\/web\/socios\/","title":{"rendered":"Socios"},"content":{"rendered":"<table style=\"height: 7547px;\" width=\"603\">\n<tbody>\n<tr>\n<td width=\"39\">Socio<\/td>\n<td width=\"450\">nombre<\/td>\n<td width=\"74\">documento<\/td>\n<td width=\"65\">a\u00f1o 2017<\/td>\n<td width=\"53\">anillas<\/td>\n<td width=\"65\">a\u00f1o 2018<\/td>\n<td width=\"53\">anillas<\/td>\n<td width=\"65\">a\u00f1o 2019<\/td>\n<td width=\"54\">anillas<\/td>\n<td width=\"65\">a\u00f1o 2020<\/td>\n<td width=\"54\">anillas<\/td>\n<\/tr>\n<tr>\n<td>1<\/td>\n<td>Ismael Rubira Ruz<\/td>\n<td>\u00a0si<\/td>\n<td>activo<\/td>\n<td>si<\/td>\n<td>\u00a0activo<\/td>\n<td>\u00a0si<\/td>\n<td><\/td>\n<td><\/td>\n<td><\/td>\n<td><\/td>\n<\/tr>\n<tr>\n<td>2<\/td>\n<td>Alex Rubira Leon<\/td>\n<td>\u00a0si<\/td>\n<td>activo<\/td>\n<td>si<\/td>\n<td>\u00a0activo<\/td>\n<td>\u00a0si<\/td>\n<td><\/td>\n<td><\/td>\n<td><\/td>\n<td><\/td>\n<\/tr>\n<tr>\n<td>3<\/td>\n<td>Ismael Rubira Leon<\/td>\n<td>\u00a0si<\/td>\n<td>activo<\/td>\n<td>si<\/td>\n<td>\u00a0activo<\/td>\n<td>\u00a0si<\/td>\n<td><\/td>\n<td><\/td>\n<td><\/td>\n<td><\/td>\n<\/tr>\n<tr>\n<td>4<\/td>\n<td>David Rubira Leon<\/td>\n<td>\u00a0si<\/td>\n<td>activo<\/td>\n<td>no<\/td>\n<td>\u00a0activo<\/td>\n<td>\u00a0no<\/td>\n<td><\/td>\n<td><\/td>\n<td><\/td>\n<td><\/td>\n<\/tr>\n<tr>\n<td>5<\/td>\n<td>Miguel de la Torre Vives<\/td>\n<td><\/td>\n<td>activo<\/td>\n<td>si<\/td>\n<td>\u00a0activo<\/td>\n<td>\u00a0si<\/td>\n<td><\/td>\n<td><\/td>\n<td><\/td>\n<td><\/td>\n<\/tr>\n<tr>\n<td>6<\/td>\n<td>Juan Galvez Lopez<\/td>\n<td><\/td>\n<td>activo<\/td>\n<td>no<\/td>\n<td><\/td>\n<td><\/td>\n<td><\/td>\n<td><\/td>\n<td><\/td>\n<td><\/td>\n<\/tr>\n<tr>\n<td>7<\/td>\n<td colspan=\"2\">Jose Joaquim Fernandez Freire<\/td>\n<td>activo<\/td>\n<td>si<\/td>\n<td>\u00a0activo<\/td>\n<td>\u00a0si<\/td>\n<td><\/td>\n<td><\/td>\n<td><\/td>\n<td><\/td>\n<\/tr>\n<tr>\n<td>8<\/td>\n<td>Raul Marti Su\u00f1en<\/td>\n<td>\u00a0si<\/td>\n<td>activo<\/td>\n<td>no<\/td>\n<td><\/td>\n<td><\/td>\n<td><\/td>\n<td><\/td>\n<td><\/td>\n<td><\/td>\n<\/tr>\n<tr>\n<td>9<\/td>\n<td>Ramon Alonso del Pozo<\/td>\n<td><\/td>\n<td>activo<\/td>\n<td>si<\/td>\n<td><\/td>\n<td><\/td>\n<td><\/td>\n<td><\/td>\n<td><\/td>\n<td><\/td>\n<\/tr>\n<tr>\n<td>10<\/td>\n<td>Arturo Macias Moreno<\/td>\n<td><\/td>\n<td>activo<\/td>\n<td>no<\/td>\n<td><\/td>\n<td><\/td>\n<td><\/td>\n<td><\/td>\n<td><\/td>\n<td><\/td>\n<\/tr>\n<tr>\n<td>11<\/td>\n<td>Rafael Cardenete Garia<\/td>\n<td><\/td>\n<td>activo<\/td>\n<td>no<\/td>\n<td><\/td>\n<td><\/td>\n<td><\/td>\n<td><\/td>\n<td><\/td>\n<td><\/td>\n<\/tr>\n<tr>\n<td>12<\/td>\n<td>Josep Miquel Badia Casas<\/td>\n<td><\/td>\n<td>activo<\/td>\n<td>no<\/td>\n<td><\/td>\n<td><\/td>\n<td><\/td>\n<td><\/td>\n<td><\/td>\n<td><\/td>\n<\/tr>\n<tr>\n<td>13<\/td>\n<td>Jorge Vidaurreta Lopez<\/td>\n<td><\/td>\n<td>activo<\/td>\n<td>no<\/td>\n<td><\/td>\n<td><\/td>\n<td><\/td>\n<td><\/td>\n<td><\/td>\n<td><\/td>\n<\/tr>\n<tr>\n<td>14<\/td>\n<td>Manuel Valero Hernandez<\/td>\n<td><\/td>\n<td>activo<\/td>\n<td>no<\/td>\n<td><\/td>\n<td><\/td>\n<td><\/td>\n<td><\/td>\n<td><\/td>\n<td><\/td>\n<\/tr>\n<tr>\n<td>15<\/td>\n<td colspan=\"2\">Alberto Gabriel Garcia Carrillo<\/td>\n<td>activo<\/td>\n<td>no<\/td>\n<td><\/td>\n<td><\/td>\n<td><\/td>\n<td><\/td>\n<td><\/td>\n<td><\/td>\n<\/tr>\n<tr>\n<td>16<\/td>\n<td colspan=\"2\">Jose Manuel Francisco Zarza Martin<\/td>\n<td>activo<\/td>\n<td>si<\/td>\n<td><\/td>\n<td><\/td>\n<td><\/td>\n<td><\/td>\n<td><\/td>\n<td><\/td>\n<\/tr>\n<tr>\n<td>17<\/td>\n<td>Joaquin Lao Martinez<\/td>\n<td><\/td>\n<td>activo<\/td>\n<td>no<\/td>\n<td>\u00a0activo<\/td>\n<td>\u00a0no<\/td>\n<td><\/td>\n<td><\/td>\n<td><\/td>\n<td><\/td>\n<\/tr>\n<tr>\n<td>18<\/td>\n<td colspan=\"2\">Antonio Gabriel Delgado Olea\u00a0 \u00a0 \u00a0 \u00a0 \u00a0 \u00a0 \u00a0 \u00a0 \u00a0 \u00a0 \u00a0 si<\/td>\n<td>activo<\/td>\n<td>no<\/td>\n<td><\/td>\n<td><\/td>\n<td><\/td>\n<td><\/td>\n<td><\/td>\n<td><\/td>\n<\/tr>\n<tr>\n<td>19<\/td>\n<td>Mariano Legaz<\/td>\n<td><\/td>\n<td>activo<\/td>\n<td>no<\/td>\n<td><\/td>\n<td><\/td>\n<td><\/td>\n<td><\/td>\n<td><\/td>\n<td><\/td>\n<\/tr>\n<tr>\n<td>20<\/td>\n<td>Angel Liarte Calvo<\/td>\n<td>\u00a0si<\/td>\n<td>activo<\/td>\n<td>no<\/td>\n<td>\u00a0activo<\/td>\n<td>\u00a0si<\/td>\n<td><\/td>\n<td><\/td>\n<td><\/td>\n<td><\/td>\n<\/tr>\n<tr>\n<td>21<\/td>\n<td>Jose Manuel Garcia Moreno<\/td>\n<td><\/td>\n<td>activo<\/td>\n<td>no<\/td>\n<td>\u00a0activo<\/td>\n<td>\u00a0si<\/td>\n<td><\/td>\n<td><\/td>\n<td><\/td>\n<td><\/td>\n<\/tr>\n<tr>\n<td>22<\/td>\n<td>Santiago Bujalance Sanchez<\/td>\n<td><\/td>\n<td>activo<\/td>\n<td>no<\/td>\n<td><\/td>\n<td><\/td>\n<td><\/td>\n<td><\/td>\n<td><\/td>\n<td><\/td>\n<\/tr>\n<tr>\n<td>23<\/td>\n<td>Angel F Garoz<\/td>\n<td><\/td>\n<td>activo<\/td>\n<td>no<\/td>\n<td><\/td>\n<td><\/td>\n<td><\/td>\n<td><\/td>\n<td><\/td>\n<td><\/td>\n<\/tr>\n<tr>\n<td>24<\/td>\n<td>Jose Antonio Prieto Orta<\/td>\n<td><\/td>\n<td>activo<\/td>\n<td>si<\/td>\n<td>\u00a0activo<\/td>\n<td>\u00a0si<\/td>\n<td><\/td>\n<td><\/td>\n<td><\/td>\n<td><\/td>\n<\/tr>\n<tr>\n<td>25<\/td>\n<td>Oscar Gutierrez Gomez<\/td>\n<td><\/td>\n<td>activo<\/td>\n<td>si<\/td>\n<td><\/td>\n<td><\/td>\n<td><\/td>\n<td><\/td>\n<td><\/td>\n<td><\/td>\n<\/tr>\n<tr>\n<td>26<\/td>\n<td>Luis Lucena Caballero<\/td>\n<td><\/td>\n<td>activo<\/td>\n<td>si<\/td>\n<td><\/td>\n<td><\/td>\n<td><\/td>\n<td><\/td>\n<td><\/td>\n<td><\/td>\n<\/tr>\n<tr>\n<td>27<\/td>\n<td>Javier Serrano Fernadez<\/td>\n<td><\/td>\n<td>activo<\/td>\n<td>no<\/td>\n<td><\/td>\n<td><\/td>\n<td><\/td>\n<td><\/td>\n<td><\/td>\n<td><\/td>\n<\/tr>\n<tr>\n<td>28<\/td>\n<td>Fernado Guerrero Exposito<\/td>\n<td>\u00a0si<\/td>\n<td>activo<\/td>\n<td>si<\/td>\n<td>\u00a0activo<\/td>\n<td>\u00a0si<\/td>\n<td><\/td>\n<td><\/td>\n<td><\/td>\n<td><\/td>\n<\/tr>\n<tr>\n<td>29<\/td>\n<td>Ruben Grande Rueda<\/td>\n<td>\u00a0si<\/td>\n<td>activo<\/td>\n<td>si<\/td>\n<td>\u00a0activo<\/td>\n<td>\u00a0si<\/td>\n<td><\/td>\n<td><\/td>\n<td><\/td>\n<td><\/td>\n<\/tr>\n<tr>\n<td>30<\/td>\n<td>Jose Gamboa Oca\u00f1a<\/td>\n<td>\u00a0si<\/td>\n<td>activo<\/td>\n<td>si<\/td>\n<td>\u00a0activo<\/td>\n<td>\u00a0si<\/td>\n<td><\/td>\n<td><\/td>\n<td><\/td>\n<td><\/td>\n<\/tr>\n<tr>\n<td>31<\/td>\n<td>Juan Jimenez Ruiz<\/td>\n<td><\/td>\n<td>activo<\/td>\n<td>no<\/td>\n<td><\/td>\n<td><\/td>\n<td><\/td>\n<td><\/td>\n<td><\/td>\n<td><\/td>\n<\/tr>\n<tr>\n<td>32<\/td>\n<td>Vicent Fernandez Palop<\/td>\n<td>\u00a0si<\/td>\n<td>activo<\/td>\n<td>si<\/td>\n<td>\u00a0activo<\/td>\n<td>\u00a0si<\/td>\n<td><\/td>\n<td><\/td>\n<td><\/td>\n<td><\/td>\n<\/tr>\n<tr>\n<td>33<\/td>\n<td>Bernat Martinez Ariza<\/td>\n<td><\/td>\n<td><span style=\"color: #ff0000;\">baja<\/span><\/td>\n<td>no<\/td>\n<td><\/td>\n<td><\/td>\n<td><\/td>\n<td><\/td>\n<td><\/td>\n<td><\/td>\n<\/tr>\n<tr>\n<td>34<\/td>\n<td>Cristian Roldan Hidalgo<\/td>\n<td><\/td>\n<td>activo<\/td>\n<td>si<\/td>\n<td>\u00a0activo<\/td>\n<td>\u00a0si<\/td>\n<td><\/td>\n<td><\/td>\n<td><\/td>\n<td><\/td>\n<\/tr>\n<tr>\n<td>35<\/td>\n<td>Gorka Sanchez Redondo<\/td>\n<td><\/td>\n<td><\/td>\n<td><\/td>\n<td><\/td>\n<td><\/td>\n<td><\/td>\n<td><\/td>\n<td><\/td>\n<td><\/td>\n<\/tr>\n<tr>\n<td>36<\/td>\n<td>Juan Carlos Ponce Gonzalez<\/td>\n<td><\/td>\n<td>activo<\/td>\n<td>no<\/td>\n<td>\u00a0activo<\/td>\n<td>\u00a0si<\/td>\n<td><\/td>\n<td><\/td>\n<td><\/td>\n<td><\/td>\n<\/tr>\n<tr>\n<td>37<\/td>\n<td>Felipe Adrian Ballesteros<\/td>\n<td><\/td>\n<td>activo<\/td>\n<td>no<\/td>\n<td><\/td>\n<td><\/td>\n<td><\/td>\n<td><\/td>\n<td><\/td>\n<td><\/td>\n<\/tr>\n<tr>\n<td>38<\/td>\n<td>Jesus Torres Rodriguez<\/td>\n<td><\/td>\n<td>activo<\/td>\n<td>si<\/td>\n<td><\/td>\n<td><\/td>\n<td><\/td>\n<td><\/td>\n<td><\/td>\n<td><\/td>\n<\/tr>\n<tr>\n<td>39<\/td>\n<td>Oscar Cartiel Serrano<\/td>\n<td><\/td>\n<td>activo<\/td>\n<td>si<\/td>\n<td><\/td>\n<td><\/td>\n<td><\/td>\n<td><\/td>\n<td><\/td>\n<td><\/td>\n<\/tr>\n<tr>\n<td>40<\/td>\n<td>Carlos Blasco Martin<\/td>\n<td><\/td>\n<td>activo<\/td>\n<td>si<\/td>\n<td>\u00a0activo<\/td>\n<td>\u00a0si<\/td>\n<td><\/td>\n<td><\/td>\n<td><\/td>\n<td><\/td>\n<\/tr>\n<tr>\n<td>41<\/td>\n<td>Ruben Baruque Garcia<\/td>\n<td><\/td>\n<td>activo<\/td>\n<td>no<\/td>\n<td><\/td>\n<td><\/td>\n<td><\/td>\n<td><\/td>\n<td><\/td>\n<td><\/td>\n<\/tr>\n<tr>\n<td>42<\/td>\n<td>Javier Maya Bermudez<\/td>\n<td><\/td>\n<td>activo<\/td>\n<td>si<\/td>\n<td><\/td>\n<td><\/td>\n<td><\/td>\n<td><\/td>\n<td><\/td>\n<td><\/td>\n<\/tr>\n<tr>\n<td>43<\/td>\n<td>Antonio Garcia Badillo<\/td>\n<td><\/td>\n<td>activo<\/td>\n<td>si<\/td>\n<td>\u00a0activo<\/td>\n<td>\u00a0si<\/td>\n<td><\/td>\n<td><\/td>\n<td><\/td>\n<td><\/td>\n<\/tr>\n<tr>\n<td>44<\/td>\n<td>Marc Guerrero Perez<\/td>\n<td>\u00a0si<\/td>\n<td>activo<\/td>\n<td>si<\/td>\n<td>\u00a0activo<\/td>\n<td>\u00a0si<\/td>\n<td><\/td>\n<td><\/td>\n<td><\/td>\n<td><\/td>\n<\/tr>\n<tr>\n<td>45<\/td>\n<td>Antonio Abrahan Salazar<\/td>\n<td><\/td>\n<td>activo<\/td>\n<td>si<\/td>\n<td><\/td>\n<td><\/td>\n<td><\/td>\n<td><\/td>\n<td><\/td>\n<td><\/td>\n<\/tr>\n<tr>\n<td>46<\/td>\n<td>Jesus Villalobos Florido<\/td>\n<td><\/td>\n<td>activo<\/td>\n<td>si<\/td>\n<td>\u00a0activo<\/td>\n<td>\u00a0si<\/td>\n<td><\/td>\n<td><\/td>\n<td><\/td>\n<td><\/td>\n<\/tr>\n<tr>\n<td>47<\/td>\n<td>Emilio Ruiz Sanchez<\/td>\n<td><\/td>\n<td>activo<\/td>\n<td>si<\/td>\n<td><\/td>\n<td><\/td>\n<td><\/td>\n<td><\/td>\n<td><\/td>\n<td><\/td>\n<\/tr>\n<tr>\n<td>48<\/td>\n<td>Lidia Olivares<\/td>\n<td><\/td>\n<td>activo<\/td>\n<td>no<\/td>\n<td>\u00a0activo<\/td>\n<td>\u00a0no<\/td>\n<td><\/td>\n<td><\/td>\n<td><\/td>\n<td><\/td>\n<\/tr>\n<tr>\n<td>49<\/td>\n<td>Joaquin\u00a0 Mates Mantas<\/td>\n<td><\/td>\n<td>activo<\/td>\n<td>si<\/td>\n<td>\u00a0activo<\/td>\n<td>\u00a0si<\/td>\n<td><\/td>\n<td><\/td>\n<td><\/td>\n<td><\/td>\n<\/tr>\n<tr>\n<td>50<\/td>\n<td>Miguel Cuesto Gil<\/td>\n<td><\/td>\n<td>activo<\/td>\n<td>no<\/td>\n<td>\u00a0activo<\/td>\n<td>\u00a0si<\/td>\n<td><\/td>\n<td><\/td>\n<td><\/td>\n<td><\/td>\n<\/tr>\n<tr>\n<td>51<\/td>\n<td>Jonathan Vega Pedrosa<\/td>\n<td><\/td>\n<td>activo<\/td>\n<td>no<\/td>\n<td><\/td>\n<td><\/td>\n<td><\/td>\n<td><\/td>\n<td><\/td>\n<td><\/td>\n<\/tr>\n<tr>\n<td>52<\/td>\n<td>Gonzalo Gutierrez Cuesta<\/td>\n<td><\/td>\n<td>activo<\/td>\n<td>si<\/td>\n<td><\/td>\n<td><\/td>\n<td><\/td>\n<td><\/td>\n<td><\/td>\n<td><\/td>\n<\/tr>\n<tr>\n<td>53<\/td>\n<td>Alfonso Rodriguez Oto<\/td>\n<td><\/td>\n<td>activo<\/td>\n<td>si<\/td>\n<td><\/td>\n<td><\/td>\n<td><\/td>\n<td><\/td>\n<td><\/td>\n<td><\/td>\n<\/tr>\n<tr>\n<td>54<\/td>\n<td>Alberto Serrano Royo<\/td>\n<td><\/td>\n<td>activo<\/td>\n<td>si<\/td>\n<td>\u00a0activo<\/td>\n<td>\u00a0si<\/td>\n<td><\/td>\n<td><\/td>\n<td><\/td>\n<td><\/td>\n<\/tr>\n<tr>\n<td>55<\/td>\n<td>Rafael Garces Marquez<\/td>\n<td>\u00a0si<\/td>\n<td>activo<\/td>\n<td>no<\/td>\n<td>\u00a0activo<\/td>\n<td>\u00a0si<\/td>\n<td><\/td>\n<td><\/td>\n<td><\/td>\n<td><\/td>\n<\/tr>\n<tr>\n<td>56<\/td>\n<td>Juan Chacon Comellas<\/td>\n<td>\u00a0si<\/td>\n<td>activo<\/td>\n<td>no<\/td>\n<td>\u00a0activo<\/td>\n<td>\u00a0si<\/td>\n<td><\/td>\n<td><\/td>\n<td><\/td>\n<td><\/td>\n<\/tr>\n<tr>\n<td>57<\/td>\n<td colspan=\"2\">Jose Manuel Gonzalez Izquierdo<\/td>\n<td>no pagado<\/td>\n<td>no<\/td>\n<td><\/td>\n<td><\/td>\n<td><\/td>\n<td><\/td>\n<td><\/td>\n<td><\/td>\n<\/tr>\n<tr>\n<td>58<\/td>\n<td>Miguel Angel Mata Albarez<\/td>\n<td><\/td>\n<td>activo<\/td>\n<td>no<\/td>\n<td><\/td>\n<td><\/td>\n<td><\/td>\n<td><\/td>\n<td><\/td>\n<td><\/td>\n<\/tr>\n<tr>\n<td>59<\/td>\n<td>Marcos Fernandez Perez<\/td>\n<td><\/td>\n<td>activo<\/td>\n<td>no<\/td>\n<td><\/td>\n<td><\/td>\n<td><\/td>\n<td><\/td>\n<td><\/td>\n<td><\/td>\n<\/tr>\n<tr>\n<td>60<\/td>\n<td>David Rosal Palomino<\/td>\n<td><\/td>\n<td>activo<\/td>\n<td>no<\/td>\n<td><\/td>\n<td><\/td>\n<td><\/td>\n<td><\/td>\n<td><\/td>\n<td><\/td>\n<\/tr>\n<tr>\n<td>61<\/td>\n<td>Jose Frco Coca Mingorance<\/td>\n<td><\/td>\n<td>activo<\/td>\n<td>no<\/td>\n<td>\u00a0activo<\/td>\n<td>\u00a0no<\/td>\n<td><\/td>\n<td><\/td>\n<td><\/td>\n<td><\/td>\n<\/tr>\n<tr>\n<td>62<\/td>\n<td>Francisco Palomares Castilla<\/td>\n<td><\/td>\n<td>activo<\/td>\n<td>no<\/td>\n<td>\u00a0activo<\/td>\n<td>\u00a0si<\/td>\n<td><\/td>\n<td><\/td>\n<td><\/td>\n<td><\/td>\n<\/tr>\n<tr>\n<td>63<\/td>\n<td>Joan Carles Ruiz Amaya<\/td>\n<td><\/td>\n<td>activo<\/td>\n<td>si<\/td>\n<td>\u00a0activo<\/td>\n<td>\u00a0si<\/td>\n<td><\/td>\n<td><\/td>\n<td><\/td>\n<td><\/td>\n<\/tr>\n<tr>\n<td>64<\/td>\n<td>Jose Maria Cardoso<\/td>\n<td><\/td>\n<td>activo<\/td>\n<td>no<\/td>\n<td><\/td>\n<td><\/td>\n<td><\/td>\n<td><\/td>\n<td><\/td>\n<td><\/td>\n<\/tr>\n<tr>\n<td>65<\/td>\n<td>Jose Maria Benitez<\/td>\n<td><\/td>\n<td><\/td>\n<td><\/td>\n<td><\/td>\n<td><\/td>\n<td><\/td>\n<td><\/td>\n<td><\/td>\n<td><\/td>\n<\/tr>\n<tr>\n<td>66<\/td>\n<td>Diego Crespo Mendez<\/td>\n<td><\/td>\n<td>activo<\/td>\n<td>si<\/td>\n<td><\/td>\n<td><\/td>\n<td><\/td>\n<td><\/td>\n<td><\/td>\n<td><\/td>\n<\/tr>\n<tr>\n<td>67<\/td>\n<td>Francisco Carmona Garcia<\/td>\n<td><\/td>\n<td>activo<\/td>\n<td>no<\/td>\n<td><\/td>\n<td><\/td>\n<td><\/td>\n<td><\/td>\n<td><\/td>\n<td><\/td>\n<\/tr>\n<tr>\n<td>68<\/td>\n<td>Francesco Ambusto<\/td>\n<td>\u00a0si<\/td>\n<td>activo<\/td>\n<td>no<\/td>\n<td>\u00a0activo<\/td>\n<td>\u00a0si<\/td>\n<td><\/td>\n<td><\/td>\n<td><\/td>\n<td><\/td>\n<\/tr>\n<tr>\n<td>69<\/td>\n<td>Jose Maria Cruells Ferrer<\/td>\n<td>\u00a0si<\/td>\n<td>activo<\/td>\n<td>si<\/td>\n<td>\u00a0activo<\/td>\n<td>\u00a0si<\/td>\n<td><\/td>\n<td><\/td>\n<td><\/td>\n<td><\/td>\n<\/tr>\n<tr>\n<td>70<\/td>\n<td>Daniel Hurtado Gomez<\/td>\n<td><\/td>\n<td>activo<\/td>\n<td>no<\/td>\n<td><\/td>\n<td><\/td>\n<td><\/td>\n<td><\/td>\n<td><\/td>\n<td><\/td>\n<\/tr>\n<tr>\n<td>71<\/td>\n<td>Sergio Rico Rubio<\/td>\n<td>\u00a0si<\/td>\n<td>activo<\/td>\n<td>si<\/td>\n<td>\u00a0activo<\/td>\n<td>\u00a0si<\/td>\n<td><\/td>\n<td><\/td>\n<td><\/td>\n<td><\/td>\n<\/tr>\n<tr>\n<td>72<\/td>\n<td>Omar Marin Castell<\/td>\n<td><\/td>\n<td>activo<\/td>\n<td>no<\/td>\n<td><\/td>\n<td><\/td>\n<td><\/td>\n<td><\/td>\n<td><\/td>\n<td><\/td>\n<\/tr>\n<tr>\n<td>73<\/td>\n<td>Antonio Velaz Maltes<\/td>\n<td><\/td>\n<td>activo<\/td>\n<td>si<\/td>\n<td>\u00a0activo<\/td>\n<td>\u00a0si<\/td>\n<td><\/td>\n<td><\/td>\n<td><\/td>\n<td><\/td>\n<\/tr>\n<tr>\n<td>74<\/td>\n<td>Francisco Gomez Gomez<\/td>\n<td><\/td>\n<td>activo<\/td>\n<td>no<\/td>\n<td><\/td>\n<td><\/td>\n<td><\/td>\n<td><\/td>\n<td><\/td>\n<td><\/td>\n<\/tr>\n<tr>\n<td>75<\/td>\n<td>Rafael Doya Reyes<\/td>\n<td><\/td>\n<td>activo<\/td>\n<td>no<\/td>\n<td><\/td>\n<td><\/td>\n<td><\/td>\n<td><\/td>\n<td><\/td>\n<td><\/td>\n<\/tr>\n<tr>\n<td>76<\/td>\n<td>Santos Doya Arenas<\/td>\n<td><\/td>\n<td>activo<\/td>\n<td>no<\/td>\n<td><\/td>\n<td><\/td>\n<td><\/td>\n<td><\/td>\n<td><\/td>\n<td><\/td>\n<\/tr>\n<tr>\n<td>77<\/td>\n<td>Jorge Rodr\u00edguez Mart\u00edn<\/td>\n<td><\/td>\n<td><\/td>\n<td><\/td>\n<td><\/td>\n<td><\/td>\n<td><\/td>\n<td><\/td>\n<td><\/td>\n<td><\/td>\n<\/tr>\n<tr>\n<td>78<\/td>\n<td>Julian Perez Cambon<\/td>\n<td>\u00a0si<\/td>\n<td><\/td>\n<td><\/td>\n<td>\u00a0activo<\/td>\n<td>\u00a0si<\/td>\n<td><\/td>\n<td><\/td>\n<td><\/td>\n<td><\/td>\n<\/tr>\n<tr>\n<td>79<\/td>\n<td>Sergio Villalobos Florido<\/td>\n<td><\/td>\n<td><\/td>\n<td><\/td>\n<td>\u00a0activo<\/td>\n<td>\u00a0si<\/td>\n<td><\/td>\n<td><\/td>\n<td><\/td>\n<td><\/td>\n<\/tr>\n<tr>\n<td>80<\/td>\n<td>Maria Jos\u00e9 Ortega Aranda<\/td>\n<td><\/td>\n<td><\/td>\n<td><\/td>\n<td>\u00a0activo<\/td>\n<td>\u00a0si<\/td>\n<td><\/td>\n<td><\/td>\n<td><\/td>\n<td><\/td>\n<\/tr>\n<tr>\n<td>81<\/td>\n<td>\u00a0Jose Maria Montejano Benitez<\/td>\n<td><\/td>\n<td><\/td>\n<td><\/td>\n<td><\/td>\n<td><\/td>\n<td><\/td>\n<td><\/td>\n<td><\/td>\n<td><\/td>\n<\/tr>\n<tr>\n<td>82<\/td>\n<td>\u00a0Marc Juste Aixala<\/td>\n<td><\/td>\n<td><\/td>\n<td><\/td>\n<td>\u00a0activo<\/td>\n<td>\u00a0si<\/td>\n<td><\/td>\n<td><\/td>\n<td><\/td>\n<td><\/td>\n<\/tr>\n<tr>\n<td>83<\/td>\n<td><\/td>\n<td><\/td>\n<td><\/td>\n<td><\/td>\n<td><\/td>\n<td><\/td>\n<td><\/td>\n<td><\/td>\n<td><\/td>\n<td><\/td>\n<\/tr>\n<tr>\n<td>84<\/td>\n<td><\/td>\n<td><\/td>\n<td><\/td>\n<td><\/td>\n<td><\/td>\n<td><\/td>\n<td><\/td>\n<td><\/td>\n<td><\/td>\n<td><\/td>\n<\/tr>\n<tr>\n<td>85<\/td>\n<td><\/td>\n<td><\/td>\n<td><\/td>\n<td><\/td>\n<td><\/td>\n<td><\/td>\n<td><\/td>\n<td><\/td>\n<td><\/td>\n<td><\/td>\n<\/tr>\n<tr>\n<td>86<\/td>\n<td><\/td>\n<td><\/td>\n<td><\/td>\n<td><\/td>\n<td><\/td>\n<td><\/td>\n<td><\/td>\n<td><\/td>\n<td><\/td>\n<td><\/td>\n<\/tr>\n<tr>\n<td>87<\/td>\n<td><\/td>\n<td><\/td>\n<td><\/td>\n<td><\/td>\n<td><\/td>\n<td><\/td>\n<td><\/td>\n<td><\/td>\n<td><\/td>\n<td><\/td>\n<\/tr>\n<tr>\n<td>88<\/td>\n<td><\/td>\n<td><\/td>\n<td><\/td>\n<td><\/td>\n<td><\/td>\n<td><\/td>\n<td><\/td>\n<td><\/td>\n<td><\/td>\n<td><\/td>\n<\/tr>\n<tr>\n<td>89<\/td>\n<td><\/td>\n<td><\/td>\n<td><\/td>\n<td><\/td>\n<td><\/td>\n<td><\/td>\n<td><\/td>\n<td><\/td>\n<td><\/td>\n<td><\/td>\n<\/tr>\n<tr>\n<td>90<\/td>\n<td><\/td>\n<td><\/td>\n<td><\/td>\n<td><\/td>\n<td><\/td>\n<td><\/td>\n<td><\/td>\n<td><\/td>\n<td><\/td>\n<td><\/td>\n<\/tr>\n<tr>\n<td>91<\/td>\n<td><\/td>\n<td><\/td>\n<td><\/td>\n<td><\/td>\n<td><\/td>\n<td><\/td>\n<td><\/td>\n<td><\/td>\n<td><\/td>\n<td><\/td>\n<\/tr>\n<tr>\n<td>92<\/td>\n<td><\/td>\n<td><\/td>\n<td><\/td>\n<td><\/td>\n<td><\/td>\n<td><\/td>\n<td><\/td>\n<td><\/td>\n<td><\/td>\n<td><\/td>\n<\/tr>\n<tr>\n<td>93<\/td>\n<td><\/td>\n<td><\/td>\n<td><\/td>\n<td><\/td>\n<td><\/td>\n<td><\/td>\n<td><\/td>\n<td><\/td>\n<td><\/td>\n<td><\/td>\n<\/tr>\n<tr>\n<td>94<\/td>\n<td><\/td>\n<td><\/td>\n<td><\/td>\n<td><\/td>\n<td><\/td>\n<td><\/td>\n<td><\/td>\n<td><\/td>\n<td><\/td>\n<td><\/td>\n<\/tr>\n<tr>\n<td>95<\/td>\n<td><\/td>\n<td><\/td>\n<td><\/td>\n<td><\/td>\n<td><\/td>\n<td><\/td>\n<td><\/td>\n<td><\/td>\n<td><\/td>\n<td><\/td>\n<\/tr>\n<tr>\n<td>96<\/td>\n<td><\/td>\n<td><\/td>\n<td><\/td>\n<td><\/td>\n<td><\/td>\n<td><\/td>\n<td><\/td>\n<td><\/td>\n<td><\/td>\n<td><\/td>\n<\/tr>\n<tr>\n<td>97<\/td>\n<td><\/td>\n<td><\/td>\n<td><\/td>\n<td><\/td>\n<td><\/td>\n<td><\/td>\n<td><\/td>\n<td><\/td>\n<td><\/td>\n<td><\/td>\n<\/tr>\n<tr>\n<td>98<\/td>\n<td><\/td>\n<td><\/td>\n<td><\/td>\n<td><\/td>\n<td><\/td>\n<td><\/td>\n<td><\/td>\n<td><\/td>\n<td><\/td>\n<td><\/td>\n<\/tr>\n<tr>\n<td>99<\/td>\n<td><\/td>\n<td><\/td>\n<td><\/td>\n<td><\/td>\n<td><\/td>\n<td><\/td>\n<td><\/td>\n<td><\/td>\n<td><\/td>\n<td><\/td>\n<\/tr>\n<tr>\n<td>100<\/td>\n<td><\/td>\n<td><\/td>\n<td><\/td>\n<td><\/td>\n<td><\/td>\n<td><\/td>\n<td><\/td>\n<td><\/td>\n<td><\/td>\n<td><\/td>\n<\/tr>\n<tr>\n<td>101<\/td>\n<td><\/td>\n<td><\/td>\n<td><\/td>\n<td><\/td>\n<td><\/td>\n<td><\/td>\n<td><\/td>\n<td><\/td>\n<td><\/td>\n<td><\/td>\n<\/tr>\n<tr>\n<td>102<\/td>\n<td><\/td>\n<td><\/td>\n<td><\/td>\n<td><\/td>\n<td><\/td>\n<td><\/td>\n<td><\/td>\n<td><\/td>\n<td><\/td>\n<td><\/td>\n<\/tr>\n<tr>\n<td>103<\/td>\n<td><\/td>\n<td><\/td>\n<td><\/td>\n<td><\/td>\n<td><\/td>\n<td><\/td>\n<td><\/td>\n<td><\/td>\n<td><\/td>\n<td><\/td>\n<\/tr>\n<tr>\n<td>104<\/td>\n<td><\/td>\n<td><\/td>\n<td><\/td>\n<td><\/td>\n<td><\/td>\n<td><\/td>\n<td><\/td>\n<td><\/td>\n<td><\/td>\n<td><\/td>\n<\/tr>\n<tr>\n<td>105<\/td>\n<td><\/td>\n<td><\/td>\n<td><\/td>\n<td><\/td>\n<td><\/td>\n<td><\/td>\n<td><\/td>\n<td><\/td>\n<td><\/td>\n<td><\/td>\n<\/tr>\n<tr>\n<td>106<\/td>\n<td><\/td>\n<td><\/td>\n<td><\/td>\n<td><\/td>\n<td><\/td>\n<td><\/td>\n<td><\/td>\n<td><\/td>\n<td><\/td>\n<td><\/td>\n<\/tr>\n<tr>\n<td>107<\/td>\n<td><\/td>\n<td><\/td>\n<td><\/td>\n<td><\/td>\n<td><\/td>\n<td><\/td>\n<td><\/td>\n<td><\/td>\n<td><\/td>\n<td><\/td>\n<\/tr>\n<tr>\n<td>108<\/td>\n<td><\/td>\n<td><\/td>\n<td><\/td>\n<td><\/td>\n<td><\/td>\n<td><\/td>\n<td><\/td>\n<td><\/td>\n<td><\/td>\n<td><\/td>\n<\/tr>\n<tr>\n<td>109<\/td>\n<td><\/td>\n<td><\/td>\n<td><\/td>\n<td><\/td>\n<td><\/td>\n<td><\/td>\n<td><\/td>\n<td><\/td>\n<td><\/td>\n<td><\/td>\n<\/tr>\n<tr>\n<td>110<\/td>\n<td><\/td>\n<td><\/td>\n<td><\/td>\n<td><\/td>\n<td><\/td>\n<td><\/td>\n<td><\/td>\n<td><\/td>\n<td><\/td>\n<td><\/td>\n<\/tr>\n<\/tbody>\n<\/table>\n","protected":false},"excerpt":{"rendered":"<p>Socio nombre documento a\u00f1o 2017 anillas a\u00f1o 2018 anillas a\u00f1o 2019 anillas a\u00f1o 2020 anillas 1 Ismael Rubira Ruz \u00a0si activo si \u00a0activo \u00a0si 2 Alex Rubira Leon \u00a0si activo si \u00a0activo \u00a0si 3 Ismael Rubira Leon \u00a0si activo si \u00a0activo \u00a0si 4 David Rubira Leon \u00a0si activo no \u00a0activo \u00a0no 5 Miguel de la &hellip; <a href=\"http:\/\/faunaautoctona.com\/web\/socios\/\" class=\"more-link\">Seguir leyendo <span class=\"screen-reader-text\">Socios<\/span> <span class=\"meta-nav\">&rarr;<\/span><\/a><\/p>\n","protected":false},"author":1,"featured_media":0,"parent":0,"menu_order":0,"comment_status":"closed","ping_status":"closed","template":"","meta":{"spay_email":""},"yoast_head":"<!-- This site is optimized with the Yoast SEO plugin v14.9 - https:\/\/yoast.com\/wordpress\/plugins\/seo\/ -->\n<meta name=\"robots\" content=\"index, follow, max-snippet:-1, max-image-preview:large, max-video-preview:-1\" \/>\n<link rel=\"canonical\" href=\"http:\/\/faunaautoctona.com\/web\/socios\/\" \/>\n<meta property=\"og:locale\" content=\"es_ES\" \/>\n<meta property=\"og:type\" content=\"article\" \/>\n<meta property=\"og:title\" content=\"Socios - My CMS\" \/>\n<meta property=\"og:description\" content=\"Socio nombre documento a\u00f1o 2017 anillas a\u00f1o 2018 anillas a\u00f1o 2019 anillas a\u00f1o 2020 anillas 1 Ismael Rubira Ruz \u00a0si activo si \u00a0activo \u00a0si 2 Alex Rubira Leon \u00a0si activo si \u00a0activo \u00a0si 3 Ismael Rubira Leon \u00a0si activo si \u00a0activo \u00a0si 4 David Rubira Leon \u00a0si activo no \u00a0activo \u00a0no 5 Miguel de la &hellip; Seguir leyendo Socios &rarr;\" \/>\n<meta property=\"og:url\" content=\"http:\/\/faunaautoctona.com\/web\/socios\/\" \/>\n<meta property=\"og:site_name\" content=\"My CMS\" \/>\n<meta property=\"article:publisher\" content=\"https:\/\/www.facebook.com\/groups\/1798967427016765\/?fref=nf\" \/>\n<meta property=\"article:modified_time\" content=\"2017-12-12T21:04:13+00:00\" \/>\n<meta name=\"twitter:card\" content=\"summary\" \/>\n<script type=\"application\/ld+json\" class=\"yoast-schema-graph\">{\"@context\":\"https:\/\/schema.org\",\"@graph\":[{\"@type\":\"WebSite\",\"@id\":\"http:\/\/faunaautoctona.com\/web\/#website\",\"url\":\"http:\/\/faunaautoctona.com\/web\/\",\"name\":\"My CMS\",\"description\":\"Tu Sociedad\",\"potentialAction\":[{\"@type\":\"SearchAction\",\"target\":\"http:\/\/faunaautoctona.com\/web\/?s={search_term_string}\",\"query-input\":\"required name=search_term_string\"}],\"inLanguage\":\"es\"},{\"@type\":\"WebPage\",\"@id\":\"http:\/\/faunaautoctona.com\/web\/socios\/#webpage\",\"url\":\"http:\/\/faunaautoctona.com\/web\/socios\/\",\"name\":\"Socios - My CMS\",\"isPartOf\":{\"@id\":\"http:\/\/faunaautoctona.com\/web\/#website\"},\"datePublished\":\"2017-12-07T21:41:10+00:00\",\"dateModified\":\"2017-12-12T21:04:13+00:00\",\"inLanguage\":\"es\",\"potentialAction\":[{\"@type\":\"ReadAction\",\"target\":[\"http:\/\/faunaautoctona.com\/web\/socios\/\"]}]}]}<\/script>\n<!-- \/ Yoast SEO plugin. -->","jetpack_sharing_enabled":true,"jetpack_shortlink":"https:\/\/wp.me\/P8t81g-c4","jetpack-related-posts":[],"_links":{"self":[{"href":"http:\/\/faunaautoctona.com\/web\/wp-json\/wp\/v2\/pages\/748"}],"collection":[{"href":"http:\/\/faunaautoctona.com\/web\/wp-json\/wp\/v2\/pages"}],"about":[{"href":"http:\/\/faunaautoctona.com\/web\/wp-json\/wp\/v2\/types\/page"}],"author":[{"embeddable":true,"href":"http:\/\/faunaautoctona.com\/web\/wp-json\/wp\/v2\/users\/1"}],"replies":[{"embeddable":true,"href":"http:\/\/faunaautoctona.com\/web\/wp-json\/wp\/v2\/comments?post=748"}],"version-history":[{"count":18,"href":"http:\/\/faunaautoctona.com\/web\/wp-json\/wp\/v2\/pages\/748\/revisions"}],"predecessor-version":[{"id":769,"href":"http:\/\/faunaautoctona.com\/web\/wp-json\/wp\/v2\/pages\/748\/revisions\/769"}],"wp:attachment":[{"href":"http:\/\/faunaautoctona.com\/web\/wp-json\/wp\/v2\/media?parent=748"}],"curies":[{"name":"wp","href":"https:\/\/api.w.org\/{rel}","templated":true}]}}