{"id":108,"date":"2017-02-23T18:39:15","date_gmt":"2017-02-23T18:39:15","guid":{"rendered":"http:\/\/faunaautoctona.com\/web\/?page_id=108"},"modified":"2025-07-20T19:27:00","modified_gmt":"2025-07-20T19:27:00","slug":"criadores-de-la-sociedad","status":"publish","type":"page","link":"https:\/\/faunaautoctona.com\/web\/criadores-de-la-sociedad\/","title":{"rendered":"Criadores de la Sociedad"},"content":{"rendered":"<p>La <strong>Sociedad Fauna Aut\u00f3ctona<\/strong> pone a disposici\u00f3n de los socios este apartado para que puedan ponerse en contacto con ellos a traves de tel\u00e9fono o email .<\/p>\n<p><img data-attachment-id=\"115\" data-permalink=\"https:\/\/faunaautoctona.com\/web\/criadores-de-la-sociedad\/aviario2\/\" data-orig-file=\"https:\/\/i2.wp.com\/faunaautoctona.com\/web\/wp-content\/uploads\/2017\/02\/aviario2.jpg?fit=1560%2C496&amp;ssl=1\" data-orig-size=\"1560,496\" data-comments-opened=\"1\" data-image-meta=\"{&quot;aperture&quot;:&quot;0&quot;,&quot;credit&quot;:&quot;&quot;,&quot;camera&quot;:&quot;&quot;,&quot;caption&quot;:&quot;&quot;,&quot;created_timestamp&quot;:&quot;0&quot;,&quot;copyright&quot;:&quot;&quot;,&quot;focal_length&quot;:&quot;0&quot;,&quot;iso&quot;:&quot;0&quot;,&quot;shutter_speed&quot;:&quot;0&quot;,&quot;title&quot;:&quot;&quot;,&quot;orientation&quot;:&quot;0&quot;}\" data-image-title=\"aviario2\" data-image-description=\"\" data-medium-file=\"https:\/\/i2.wp.com\/faunaautoctona.com\/web\/wp-content\/uploads\/2017\/02\/aviario2.jpg?fit=300%2C95&amp;ssl=1\" data-large-file=\"https:\/\/i2.wp.com\/faunaautoctona.com\/web\/wp-content\/uploads\/2017\/02\/aviario2.jpg?fit=604%2C192&amp;ssl=1\" loading=\"lazy\" class=\"size-full wp-image-115 aligncenter\" src=\"https:\/\/i2.wp.com\/faunaautoctona.com\/web\/wp-content\/uploads\/2017\/02\/aviario2.jpg?resize=604%2C192\" alt=\"\" width=\"604\" height=\"192\" srcset=\"https:\/\/i2.wp.com\/faunaautoctona.com\/web\/wp-content\/uploads\/2017\/02\/aviario2.jpg?w=1560&amp;ssl=1 1560w, https:\/\/i2.wp.com\/faunaautoctona.com\/web\/wp-content\/uploads\/2017\/02\/aviario2.jpg?resize=300%2C95&amp;ssl=1 300w, https:\/\/i2.wp.com\/faunaautoctona.com\/web\/wp-content\/uploads\/2017\/02\/aviario2.jpg?resize=768%2C244&amp;ssl=1 768w, https:\/\/i2.wp.com\/faunaautoctona.com\/web\/wp-content\/uploads\/2017\/02\/aviario2.jpg?resize=1024%2C326&amp;ssl=1 1024w, https:\/\/i2.wp.com\/faunaautoctona.com\/web\/wp-content\/uploads\/2017\/02\/aviario2.jpg?w=1208 1208w\" sizes=\"(max-width: 604px) 100vw, 604px\" data-recalc-dims=\"1\" \/><\/p>\n<p>La <strong>Sociedad Fauna Aut\u00f3ctona<\/strong> corrobora la credibilidad de dichos criadores siempre y cuando no se demuestre lo contrario, en tal caso\u00a0ser\u00e1 eliminado del listado.<\/p>\n<p>Gracias.<\/p>\n<p><strong><img data-attachment-id=\"135\" data-permalink=\"https:\/\/faunaautoctona.com\/web\/criadores-de-la-sociedad\/yo\/\" data-orig-file=\"https:\/\/i2.wp.com\/faunaautoctona.com\/web\/wp-content\/uploads\/2017\/02\/yo.jpg?fit=48%2C85&amp;ssl=1\" data-orig-size=\"48,85\" data-comments-opened=\"1\" data-image-meta=\"{&quot;aperture&quot;:&quot;0&quot;,&quot;credit&quot;:&quot;&quot;,&quot;camera&quot;:&quot;&quot;,&quot;caption&quot;:&quot;&quot;,&quot;created_timestamp&quot;:&quot;0&quot;,&quot;copyright&quot;:&quot;&quot;,&quot;focal_length&quot;:&quot;0&quot;,&quot;iso&quot;:&quot;0&quot;,&quot;shutter_speed&quot;:&quot;0&quot;,&quot;title&quot;:&quot;&quot;,&quot;orientation&quot;:&quot;1&quot;}\" data-image-title=\"yo\" data-image-description=\"\" data-medium-file=\"https:\/\/i2.wp.com\/faunaautoctona.com\/web\/wp-content\/uploads\/2017\/02\/yo.jpg?fit=48%2C85&amp;ssl=1\" data-large-file=\"https:\/\/i2.wp.com\/faunaautoctona.com\/web\/wp-content\/uploads\/2017\/02\/yo.jpg?fit=48%2C85&amp;ssl=1\" loading=\"lazy\" class=\"alignleft wp-image-135 size-full\" src=\"https:\/\/i2.wp.com\/faunaautoctona.com\/web\/wp-content\/uploads\/2017\/02\/yo.jpg?resize=48%2C85\" width=\"48\" height=\"85\" data-recalc-dims=\"1\" \/>nombre criador: <\/strong>Ismael Rubira<strong><br \/>\naviario: <\/strong>Chuletones<strong><br \/>\nanillas: <\/strong>E6-456, FA01, E2IB050, FOI34<strong><br \/>\nespecies: <\/strong>Jilguero Parva<strong><br \/>\ntelefono:<br \/>\nemail: <\/strong><a href=\"mailto:catalunya@legazin.es\">catalunya@legazin.es<\/a><br \/>\n_____________________________<\/p>\n<p><strong><img data-attachment-id=\"133\" data-permalink=\"https:\/\/faunaautoctona.com\/web\/criadores-de-la-sociedad\/emilio\/\" data-orig-file=\"https:\/\/i2.wp.com\/faunaautoctona.com\/web\/wp-content\/uploads\/2017\/02\/emilio.jpg?fit=48%2C61&amp;ssl=1\" data-orig-size=\"48,61\" data-comments-opened=\"1\" data-image-meta=\"{&quot;aperture&quot;:&quot;0&quot;,&quot;credit&quot;:&quot;&quot;,&quot;camera&quot;:&quot;&quot;,&quot;caption&quot;:&quot;&quot;,&quot;created_timestamp&quot;:&quot;0&quot;,&quot;copyright&quot;:&quot;&quot;,&quot;focal_length&quot;:&quot;0&quot;,&quot;iso&quot;:&quot;0&quot;,&quot;shutter_speed&quot;:&quot;0&quot;,&quot;title&quot;:&quot;&quot;,&quot;orientation&quot;:&quot;1&quot;}\" data-image-title=\"emilio\" data-image-description=\"\" data-medium-file=\"https:\/\/i2.wp.com\/faunaautoctona.com\/web\/wp-content\/uploads\/2017\/02\/emilio.jpg?fit=48%2C61&amp;ssl=1\" data-large-file=\"https:\/\/i2.wp.com\/faunaautoctona.com\/web\/wp-content\/uploads\/2017\/02\/emilio.jpg?fit=48%2C61&amp;ssl=1\" loading=\"lazy\" class=\"alignleft wp-image-133 size-full\" src=\"https:\/\/i2.wp.com\/faunaautoctona.com\/web\/wp-content\/uploads\/2017\/02\/emilio.jpg?resize=48%2C61\" width=\"48\" height=\"61\" data-recalc-dims=\"1\" \/>nombre criador: <\/strong>Emilio Ruiz Sanchez<strong><br \/>\naviario: <\/strong>Aviario Ruiz<strong><br \/>\nanillas: <\/strong>7M60<strong><br \/>\nespecies: <\/strong>Jilguero Parva, major mutados, hibridos parva, camachuelo nordico, canario Gloster, canario amarillo intenso<strong><br \/>\ntelefono: <\/strong>603455771<strong><br \/>\nemail: <\/strong><a href=\"mailto:emilio_izna@hotmail.com\">emilio_izna@hotmail.com<\/a><br \/>\n_____________________________<\/p>\n<p><strong><img data-attachment-id=\"160\" data-permalink=\"https:\/\/faunaautoctona.com\/web\/criadores-de-la-sociedad\/cristian\/\" data-orig-file=\"https:\/\/i0.wp.com\/faunaautoctona.com\/web\/wp-content\/uploads\/2017\/02\/cristian.jpg?fit=48%2C49&amp;ssl=1\" data-orig-size=\"48,49\" data-comments-opened=\"1\" data-image-meta=\"{&quot;aperture&quot;:&quot;0&quot;,&quot;credit&quot;:&quot;&quot;,&quot;camera&quot;:&quot;&quot;,&quot;caption&quot;:&quot;&quot;,&quot;created_timestamp&quot;:&quot;0&quot;,&quot;copyright&quot;:&quot;&quot;,&quot;focal_length&quot;:&quot;0&quot;,&quot;iso&quot;:&quot;0&quot;,&quot;shutter_speed&quot;:&quot;0&quot;,&quot;title&quot;:&quot;&quot;,&quot;orientation&quot;:&quot;1&quot;}\" data-image-title=\"cristian\" data-image-description=\"\" data-medium-file=\"https:\/\/i0.wp.com\/faunaautoctona.com\/web\/wp-content\/uploads\/2017\/02\/cristian.jpg?fit=48%2C49&amp;ssl=1\" data-large-file=\"https:\/\/i0.wp.com\/faunaautoctona.com\/web\/wp-content\/uploads\/2017\/02\/cristian.jpg?fit=48%2C49&amp;ssl=1\" loading=\"lazy\" class=\"alignleft wp-image-160 size-full\" src=\"https:\/\/i0.wp.com\/faunaautoctona.com\/web\/wp-content\/uploads\/2017\/02\/cristian.jpg?resize=48%2C49\" width=\"48\" height=\"49\" data-recalc-dims=\"1\" \/>nombre criador: <\/strong>Cristian Roldan<strong><br \/>\naviario: <\/strong>Aviario C.Roldan<strong><br \/>\nanillas: <\/strong>5W25<strong><br \/>\nespecies: <\/strong>Bruno Jaspe Rojo Mosaico, Raza Espa\u00f1ola, h\u00edbrido de jilguero<strong><br \/>\ntelefono: <\/strong>662915104<strong><br \/>\nemail: <\/strong><a href=\"mailto:kristianlucena@gmail.com\">kristianlucena@gmail.com<\/a><br \/>\n_____________________________<\/p>\n<p><strong><img data-attachment-id=\"146\" data-permalink=\"https:\/\/faunaautoctona.com\/web\/criadores-de-la-sociedad\/fernando\/\" data-orig-file=\"https:\/\/i2.wp.com\/faunaautoctona.com\/web\/wp-content\/uploads\/2017\/02\/fernando.jpg?fit=48%2C65&amp;ssl=1\" data-orig-size=\"48,65\" data-comments-opened=\"1\" data-image-meta=\"{&quot;aperture&quot;:&quot;0&quot;,&quot;credit&quot;:&quot;&quot;,&quot;camera&quot;:&quot;&quot;,&quot;caption&quot;:&quot;&quot;,&quot;created_timestamp&quot;:&quot;0&quot;,&quot;copyright&quot;:&quot;&quot;,&quot;focal_length&quot;:&quot;0&quot;,&quot;iso&quot;:&quot;0&quot;,&quot;shutter_speed&quot;:&quot;0&quot;,&quot;title&quot;:&quot;&quot;,&quot;orientation&quot;:&quot;1&quot;}\" data-image-title=\"fernando\" data-image-description=\"\" data-medium-file=\"https:\/\/i2.wp.com\/faunaautoctona.com\/web\/wp-content\/uploads\/2017\/02\/fernando.jpg?fit=48%2C65&amp;ssl=1\" data-large-file=\"https:\/\/i2.wp.com\/faunaautoctona.com\/web\/wp-content\/uploads\/2017\/02\/fernando.jpg?fit=48%2C65&amp;ssl=1\" loading=\"lazy\" class=\"alignleft wp-image-146 size-full\" src=\"https:\/\/i2.wp.com\/faunaautoctona.com\/web\/wp-content\/uploads\/2017\/02\/fernando.jpg?resize=48%2C65\" width=\"48\" height=\"65\" data-recalc-dims=\"1\" \/>nombre criador: <\/strong>Fernando Guerrero Exposito<strong><br \/>\naviario: <\/strong>Aviario dos Guerreros<strong><br \/>\nanillas: <\/strong>E6-414<strong><br \/>\nespecies: <\/strong>Jilguero Major, canario Phaeo, canario Mogmo, canario Agata<strong><br \/>\ntelefono: <\/strong>600426215<strong><br \/>\nemail: <\/strong><br \/>\n_____________________________<\/p>\n<p><strong><img data-attachment-id=\"144\" data-permalink=\"https:\/\/faunaautoctona.com\/web\/criadores-de-la-sociedad\/gamboa\/\" data-orig-file=\"https:\/\/i1.wp.com\/faunaautoctona.com\/web\/wp-content\/uploads\/2017\/02\/gamboa.jpg?fit=48%2C85&amp;ssl=1\" data-orig-size=\"48,85\" data-comments-opened=\"1\" data-image-meta=\"{&quot;aperture&quot;:&quot;0&quot;,&quot;credit&quot;:&quot;&quot;,&quot;camera&quot;:&quot;&quot;,&quot;caption&quot;:&quot;&quot;,&quot;created_timestamp&quot;:&quot;0&quot;,&quot;copyright&quot;:&quot;&quot;,&quot;focal_length&quot;:&quot;0&quot;,&quot;iso&quot;:&quot;0&quot;,&quot;shutter_speed&quot;:&quot;0&quot;,&quot;title&quot;:&quot;&quot;,&quot;orientation&quot;:&quot;1&quot;}\" data-image-title=\"gamboa\" data-image-description=\"\" data-medium-file=\"https:\/\/i1.wp.com\/faunaautoctona.com\/web\/wp-content\/uploads\/2017\/02\/gamboa.jpg?fit=48%2C85&amp;ssl=1\" data-large-file=\"https:\/\/i1.wp.com\/faunaautoctona.com\/web\/wp-content\/uploads\/2017\/02\/gamboa.jpg?fit=48%2C85&amp;ssl=1\" loading=\"lazy\" class=\"alignleft wp-image-144 size-full\" src=\"https:\/\/i1.wp.com\/faunaautoctona.com\/web\/wp-content\/uploads\/2017\/02\/gamboa.jpg?resize=48%2C85\" width=\"48\" height=\"85\" data-recalc-dims=\"1\" \/>nombre criador: <\/strong>Jose Gamboa Oca\u00f1a<strong><br \/>\naviario: <\/strong>Aviario Chuletones 3<strong><br \/>\nanillas: <\/strong>FA30<strong><br \/>\nespecies: <\/strong>Jilguero Major Clasico y Mutados, jilguero Parva, jilguero Pio<strong><br \/>\ntelefono: <\/strong>667841264<strong><br \/>\nemail: <\/strong><a href=\"mailto:josegamboaocana@gmail.com\">josegamboaocana@gmail.com<\/a><\/p>\n<p>_____________________________<\/p>\n<p><strong><img data-attachment-id=\"149\" data-permalink=\"https:\/\/faunaautoctona.com\/web\/criadores-de-la-sociedad\/pep\/\" data-orig-file=\"https:\/\/i0.wp.com\/faunaautoctona.com\/web\/wp-content\/uploads\/2017\/02\/pep.jpg?fit=48%2C72&amp;ssl=1\" data-orig-size=\"48,72\" data-comments-opened=\"1\" data-image-meta=\"{&quot;aperture&quot;:&quot;0&quot;,&quot;credit&quot;:&quot;&quot;,&quot;camera&quot;:&quot;&quot;,&quot;caption&quot;:&quot;&quot;,&quot;created_timestamp&quot;:&quot;0&quot;,&quot;copyright&quot;:&quot;&quot;,&quot;focal_length&quot;:&quot;0&quot;,&quot;iso&quot;:&quot;0&quot;,&quot;shutter_speed&quot;:&quot;0&quot;,&quot;title&quot;:&quot;&quot;,&quot;orientation&quot;:&quot;1&quot;}\" data-image-title=\"pep\" data-image-description=\"\" data-medium-file=\"https:\/\/i0.wp.com\/faunaautoctona.com\/web\/wp-content\/uploads\/2017\/02\/pep.jpg?fit=48%2C72&amp;ssl=1\" data-large-file=\"https:\/\/i0.wp.com\/faunaautoctona.com\/web\/wp-content\/uploads\/2017\/02\/pep.jpg?fit=48%2C72&amp;ssl=1\" loading=\"lazy\" class=\"alignleft wp-image-149 size-full\" src=\"https:\/\/i0.wp.com\/faunaautoctona.com\/web\/wp-content\/uploads\/2017\/02\/pep.jpg?resize=48%2C72\" width=\"48\" height=\"72\" data-recalc-dims=\"1\" \/>nombre criador: <\/strong>Jose M\u00aa Cruells Ferrer<strong><br \/>\naviario: <\/strong>Aviario Pep Cruells<strong><br \/>\nanillas: <\/strong>CQ-34, FA69<strong><br \/>\nespecies: <\/strong>Jilguero Major ancestral y mutaciones, jilguero Parva y mutaciones<strong><br \/>\ntelefono: <\/strong><strong><br \/>\nemail: <\/strong><br \/>\n_____________________________<\/p>\n<p><strong><img data-attachment-id=\"152\" data-permalink=\"https:\/\/faunaautoctona.com\/web\/criadores-de-la-sociedad\/rey\/\" data-orig-file=\"https:\/\/i0.wp.com\/faunaautoctona.com\/web\/wp-content\/uploads\/2017\/02\/rey.jpg?fit=48%2C25&amp;ssl=1\" data-orig-size=\"48,25\" data-comments-opened=\"1\" data-image-meta=\"{&quot;aperture&quot;:&quot;0&quot;,&quot;credit&quot;:&quot;&quot;,&quot;camera&quot;:&quot;&quot;,&quot;caption&quot;:&quot;&quot;,&quot;created_timestamp&quot;:&quot;0&quot;,&quot;copyright&quot;:&quot;&quot;,&quot;focal_length&quot;:&quot;0&quot;,&quot;iso&quot;:&quot;0&quot;,&quot;shutter_speed&quot;:&quot;0&quot;,&quot;title&quot;:&quot;&quot;,&quot;orientation&quot;:&quot;1&quot;}\" data-image-title=\"rey\" data-image-description=\"\" data-medium-file=\"https:\/\/i0.wp.com\/faunaautoctona.com\/web\/wp-content\/uploads\/2017\/02\/rey.jpg?fit=48%2C25&amp;ssl=1\" data-large-file=\"https:\/\/i0.wp.com\/faunaautoctona.com\/web\/wp-content\/uploads\/2017\/02\/rey.jpg?fit=48%2C25&amp;ssl=1\" loading=\"lazy\" class=\"alignleft wp-image-152 size-full\" src=\"https:\/\/i0.wp.com\/faunaautoctona.com\/web\/wp-content\/uploads\/2017\/02\/rey.jpg?resize=48%2C25\" width=\"48\" height=\"25\" data-recalc-dims=\"1\" \/>nombre criador: <\/strong>Jesus Torres Rodriguez<strong><br \/>\naviario: <\/strong>Aviario Rey Egipcio<strong><br \/>\nanillas: <\/strong>AM5F75<strong><br \/>\nespecies: <\/strong>Jilguero Major, jilguero Parva, Pardillo sicerin, Camachuelo Mejicano<strong><br \/>\ntelefono: <\/strong><strong><br \/>\nemail: <\/strong><br \/>\n_____________________________<\/p>\n<p><strong><img data-attachment-id=\"162\" data-permalink=\"https:\/\/faunaautoctona.com\/web\/criadores-de-la-sociedad\/skiper\/\" data-orig-file=\"https:\/\/i0.wp.com\/faunaautoctona.com\/web\/wp-content\/uploads\/2017\/02\/skiper.jpg?fit=48%2C48&amp;ssl=1\" data-orig-size=\"48,48\" data-comments-opened=\"1\" data-image-meta=\"{&quot;aperture&quot;:&quot;0&quot;,&quot;credit&quot;:&quot;&quot;,&quot;camera&quot;:&quot;&quot;,&quot;caption&quot;:&quot;&quot;,&quot;created_timestamp&quot;:&quot;0&quot;,&quot;copyright&quot;:&quot;&quot;,&quot;focal_length&quot;:&quot;0&quot;,&quot;iso&quot;:&quot;0&quot;,&quot;shutter_speed&quot;:&quot;0&quot;,&quot;title&quot;:&quot;&quot;,&quot;orientation&quot;:&quot;1&quot;}\" data-image-title=\"skiper\" data-image-description=\"\" data-medium-file=\"https:\/\/i0.wp.com\/faunaautoctona.com\/web\/wp-content\/uploads\/2017\/02\/skiper.jpg?fit=48%2C48&amp;ssl=1\" data-large-file=\"https:\/\/i0.wp.com\/faunaautoctona.com\/web\/wp-content\/uploads\/2017\/02\/skiper.jpg?fit=48%2C48&amp;ssl=1\" loading=\"lazy\" class=\"wp-image-162 size-full alignleft\" src=\"https:\/\/i0.wp.com\/faunaautoctona.com\/web\/wp-content\/uploads\/2017\/02\/skiper.jpg?resize=48%2C48\" width=\"48\" height=\"48\" data-recalc-dims=\"1\" \/>nombre criador: <\/strong>Angel\u00a0<strong><br \/>\naviario: <\/strong>Aviario Skaiper<strong><br \/>\nanillas: <\/strong>E6 A206<strong><br \/>\nespecies: <\/strong>Jilguero Major<strong><br \/>\ntelefono: <\/strong><strong><br \/>\nemail: <\/strong><br \/>\n_____________________________<\/p>\n<p><strong><img loading=\"lazy\" class=\"wp-image-80 size-full alignleft\" src=\"https:\/\/i1.wp.com\/faunaautoctona.com\/web\/wp-content\/uploads\/2017\/02\/cara.gif?resize=48%2C48\" width=\"48\" height=\"48\" data-recalc-dims=\"1\" \/>nombre criador: <\/strong><strong><br \/>\naviario: <\/strong><strong><br \/>\nanillas: <\/strong><strong><br \/>\nespecies: <\/strong><strong><br \/>\ntelefono: <\/strong><strong><br \/>\nemail: <\/strong><br \/>\n_____________________________<\/p>\n<p><strong><img data-attachment-id=\"306\" data-permalink=\"https:\/\/faunaautoctona.com\/web\/criadores-de-la-sociedad\/coca\/\" data-orig-file=\"https:\/\/i2.wp.com\/faunaautoctona.com\/web\/wp-content\/uploads\/2017\/02\/coca.jpg?fit=49%2C39&amp;ssl=1\" data-orig-size=\"49,39\" data-comments-opened=\"1\" data-image-meta=\"{&quot;aperture&quot;:&quot;0&quot;,&quot;credit&quot;:&quot;&quot;,&quot;camera&quot;:&quot;&quot;,&quot;caption&quot;:&quot;&quot;,&quot;created_timestamp&quot;:&quot;0&quot;,&quot;copyright&quot;:&quot;&quot;,&quot;focal_length&quot;:&quot;0&quot;,&quot;iso&quot;:&quot;0&quot;,&quot;shutter_speed&quot;:&quot;0&quot;,&quot;title&quot;:&quot;&quot;,&quot;orientation&quot;:&quot;1&quot;}\" data-image-title=\"coca\" data-image-description=\"\" data-medium-file=\"https:\/\/i2.wp.com\/faunaautoctona.com\/web\/wp-content\/uploads\/2017\/02\/coca.jpg?fit=49%2C39&amp;ssl=1\" data-large-file=\"https:\/\/i2.wp.com\/faunaautoctona.com\/web\/wp-content\/uploads\/2017\/02\/coca.jpg?fit=49%2C39&amp;ssl=1\" loading=\"lazy\" class=\"alignleft size-full wp-image-306\" src=\"https:\/\/i2.wp.com\/faunaautoctona.com\/web\/wp-content\/uploads\/2017\/02\/coca.jpg?resize=49%2C39\" alt=\"\" width=\"49\" height=\"39\" data-recalc-dims=\"1\" \/>nombre criador: <\/strong>Jose Coca<strong><br \/>\naviario: <\/strong>Aviario jcoca<strong><br \/>\nanillas: <\/strong>DU-94, 2R-22<strong><br \/>\nespecies: <\/strong>canarios Albinos,canarios lutinos,canarios topacios sin factor, agi, rizados de paris<strong><br \/>\ntelefono: <\/strong>667450260<strong><br \/>\nemail: <\/strong><a href=\"mailto:aviariojcoca@gmail.com\">aviariojcoca@gmail.com<\/a><br \/>\n_____________________________<\/p>\n<p><strong><img data-attachment-id=\"307\" data-permalink=\"https:\/\/faunaautoctona.com\/web\/criadores-de-la-sociedad\/garoz3\/\" data-orig-file=\"https:\/\/i2.wp.com\/faunaautoctona.com\/web\/wp-content\/uploads\/2017\/02\/garoz3.jpg?fit=49%2C75&amp;ssl=1\" data-orig-size=\"49,75\" data-comments-opened=\"1\" data-image-meta=\"{&quot;aperture&quot;:&quot;0&quot;,&quot;credit&quot;:&quot;&quot;,&quot;camera&quot;:&quot;&quot;,&quot;caption&quot;:&quot;&quot;,&quot;created_timestamp&quot;:&quot;0&quot;,&quot;copyright&quot;:&quot;&quot;,&quot;focal_length&quot;:&quot;0&quot;,&quot;iso&quot;:&quot;0&quot;,&quot;shutter_speed&quot;:&quot;0&quot;,&quot;title&quot;:&quot;&quot;,&quot;orientation&quot;:&quot;1&quot;}\" data-image-title=\"garoz3\" data-image-description=\"\" data-medium-file=\"https:\/\/i2.wp.com\/faunaautoctona.com\/web\/wp-content\/uploads\/2017\/02\/garoz3.jpg?fit=49%2C75&amp;ssl=1\" data-large-file=\"https:\/\/i2.wp.com\/faunaautoctona.com\/web\/wp-content\/uploads\/2017\/02\/garoz3.jpg?fit=49%2C75&amp;ssl=1\" loading=\"lazy\" class=\"alignleft wp-image-307 size-full\" src=\"https:\/\/i2.wp.com\/faunaautoctona.com\/web\/wp-content\/uploads\/2017\/02\/garoz3.jpg?resize=49%2C75\" width=\"49\" height=\"75\" data-recalc-dims=\"1\" \/>nombre criador: <\/strong>Angel Garoz<strong><br \/>\naviario: <\/strong>Aviario AngelGaroz<strong><br \/>\nanillas: <\/strong>Z-204<strong><br \/>\nespecies: <\/strong>Jilguero Mayor lutino, Jilguero Parvas Mutados y ancestral, Pardillo comun ancestral, Verdecillo ancestral.<strong><br \/>\ntelefono: <\/strong>628141246<strong><br \/>\nemail: <\/strong><a href=\"mailto:angelf_garoz@hotmail.com\">angelf_garoz@hotmail.com<\/a><br \/>\n_____________________________<\/p>\n<p><strong><img loading=\"lazy\" class=\"wp-image-80 size-full alignleft\" src=\"https:\/\/i1.wp.com\/faunaautoctona.com\/web\/wp-content\/uploads\/2017\/02\/cara.gif?resize=48%2C48\" width=\"48\" height=\"48\" data-recalc-dims=\"1\" \/>nombre criador: <\/strong>Jose Garcia<strong><br \/>\naviario: <\/strong>Aviario JoseGarcia<strong><br \/>\nanillas: <\/strong>GU-031<strong><br \/>\nespecies:<br \/>\ntelefono: <\/strong><strong><br \/>\nemail: <\/strong><a href=\"mailto:parvamutado@gmail.com\">parvamutado@gmail.com<\/a><br \/>\n_____________________________<\/p>\n<p><strong><img loading=\"lazy\" class=\"wp-image-80 size-full alignleft\" src=\"https:\/\/i1.wp.com\/faunaautoctona.com\/web\/wp-content\/uploads\/2017\/02\/cara.gif?resize=48%2C48\" width=\"48\" height=\"48\" data-recalc-dims=\"1\" \/>nombre criador:\u00a0<\/strong>Raul Mart\u00ed Su\u00f1\u00e9n<strong><br \/>\naviario: <\/strong>Aviario Raul mart\u00ed<strong><br \/>\nanillas:\u00a0<\/strong>E6 B-216<strong><br \/>\nespecies:<br \/>\ntelefono: <\/strong>parva cl\u00e1sico, major mutado, camachuelo mexicano clasico y mutado<strong><br \/>\nemail: <\/strong><a href=\"mailto:aviarioraulmarti@gmail.com\">aviarioraulmarti@gmail.com<\/a><br \/>\n_____________________________<\/p>\n<p><strong><img data-attachment-id=\"80\" data-permalink=\"https:\/\/faunaautoctona.com\/web\/cara\/\" data-orig-file=\"https:\/\/i1.wp.com\/faunaautoctona.com\/web\/wp-content\/uploads\/2017\/02\/cara.gif?fit=48%2C48&amp;ssl=1\" data-orig-size=\"48,48\" data-comments-opened=\"1\" data-image-meta=\"{&quot;aperture&quot;:&quot;0&quot;,&quot;credit&quot;:&quot;&quot;,&quot;camera&quot;:&quot;&quot;,&quot;caption&quot;:&quot;&quot;,&quot;created_timestamp&quot;:&quot;0&quot;,&quot;copyright&quot;:&quot;&quot;,&quot;focal_length&quot;:&quot;0&quot;,&quot;iso&quot;:&quot;0&quot;,&quot;shutter_speed&quot;:&quot;0&quot;,&quot;title&quot;:&quot;&quot;,&quot;orientation&quot;:&quot;0&quot;}\" data-image-title=\"cara\" data-image-description=\"\" data-medium-file=\"https:\/\/i1.wp.com\/faunaautoctona.com\/web\/wp-content\/uploads\/2017\/02\/cara.gif?fit=48%2C48&amp;ssl=1\" data-large-file=\"https:\/\/i1.wp.com\/faunaautoctona.com\/web\/wp-content\/uploads\/2017\/02\/cara.gif?fit=48%2C48&amp;ssl=1\" loading=\"lazy\" class=\"alignleft size-full wp-image-80\" src=\"https:\/\/i1.wp.com\/faunaautoctona.com\/web\/wp-content\/uploads\/2017\/02\/cara.gif?resize=48%2C48\" alt=\"\" width=\"48\" height=\"48\" data-recalc-dims=\"1\" \/>nombre criador:<br \/>\naviario:<br \/>\nanillas:<br \/>\nespecies:<br \/>\ntelefono:<br \/>\nemail:<\/strong><br \/>\n_____________________________<\/p>\n","protected":false},"excerpt":{"rendered":"<p>La Sociedad Fauna Aut\u00f3ctona pone a disposici\u00f3n de los socios este apartado para que puedan ponerse en contacto con ellos a traves de tel\u00e9fono o email . La Sociedad Fauna Aut\u00f3ctona corrobora la credibilidad de dichos criadores siempre y cuando no se demuestre lo contrario, en tal caso\u00a0ser\u00e1 eliminado del listado. Gracias. nombre criador: Ismael &hellip; <a href=\"https:\/\/faunaautoctona.com\/web\/criadores-de-la-sociedad\/\" class=\"more-link\">Seguir leyendo <span class=\"screen-reader-text\">Criadores de la Sociedad<\/span> <span class=\"meta-nav\">&rarr;<\/span><\/a><\/p>\n","protected":false},"author":1,"featured_media":0,"parent":0,"menu_order":0,"comment_status":"closed","ping_status":"closed","template":"","meta":{"spay_email":""},"yoast_head":"<!-- This site is optimized with the Yoast SEO plugin v14.9 - https:\/\/yoast.com\/wordpress\/plugins\/seo\/ -->\n<meta name=\"robots\" content=\"index, follow, max-snippet:-1, max-image-preview:large, max-video-preview:-1\" \/>\n<link rel=\"canonical\" href=\"http:\/\/faunaautoctona.com\/web\/criadores-de-la-sociedad\/\" \/>\n<meta property=\"og:locale\" content=\"es_ES\" \/>\n<meta property=\"og:type\" content=\"article\" \/>\n<meta property=\"og:title\" content=\"Criadores de la Sociedad - My CMS\" \/>\n<meta property=\"og:description\" content=\"La Sociedad Fauna Aut\u00f3ctona pone a disposici\u00f3n de los socios este apartado para que puedan ponerse en contacto con ellos a traves de tel\u00e9fono o email . La Sociedad Fauna Aut\u00f3ctona corrobora la credibilidad de dichos criadores siempre y cuando no se demuestre lo contrario, en tal caso\u00a0ser\u00e1 eliminado del listado. Gracias. nombre criador: Ismael &hellip; Seguir leyendo Criadores de la Sociedad &rarr;\" \/>\n<meta property=\"og:url\" content=\"http:\/\/faunaautoctona.com\/web\/criadores-de-la-sociedad\/\" \/>\n<meta property=\"og:site_name\" content=\"My CMS\" \/>\n<meta property=\"article:publisher\" content=\"https:\/\/www.facebook.com\/groups\/1798967427016765\/?fref=nf\" \/>\n<meta property=\"article:modified_time\" content=\"2025-07-20T19:27:00+00:00\" \/>\n<meta property=\"og:image\" content=\"http:\/\/faunaautoctona.com\/web\/wp-content\/uploads\/2017\/02\/aviario2.jpg\" \/>\n<meta name=\"twitter:card\" content=\"summary\" \/>\n<script type=\"application\/ld+json\" class=\"yoast-schema-graph\">{\"@context\":\"https:\/\/schema.org\",\"@graph\":[{\"@type\":\"WebSite\",\"@id\":\"https:\/\/faunaautoctona.com\/web\/#website\",\"url\":\"https:\/\/faunaautoctona.com\/web\/\",\"name\":\"My CMS\",\"description\":\"Tu Sociedad\",\"potentialAction\":[{\"@type\":\"SearchAction\",\"target\":\"https:\/\/faunaautoctona.com\/web\/?s={search_term_string}\",\"query-input\":\"required name=search_term_string\"}],\"inLanguage\":\"es\"},{\"@type\":\"ImageObject\",\"@id\":\"http:\/\/faunaautoctona.com\/web\/criadores-de-la-sociedad\/#primaryimage\",\"inLanguage\":\"es\",\"url\":\"http:\/\/faunaautoctona.com\/web\/wp-content\/uploads\/2017\/02\/aviario2.jpg\"},{\"@type\":\"WebPage\",\"@id\":\"http:\/\/faunaautoctona.com\/web\/criadores-de-la-sociedad\/#webpage\",\"url\":\"http:\/\/faunaautoctona.com\/web\/criadores-de-la-sociedad\/\",\"name\":\"Criadores de la Sociedad - My CMS\",\"isPartOf\":{\"@id\":\"https:\/\/faunaautoctona.com\/web\/#website\"},\"primaryImageOfPage\":{\"@id\":\"http:\/\/faunaautoctona.com\/web\/criadores-de-la-sociedad\/#primaryimage\"},\"datePublished\":\"2017-02-23T18:39:15+00:00\",\"dateModified\":\"2025-07-20T19:27:00+00:00\",\"inLanguage\":\"es\",\"potentialAction\":[{\"@type\":\"ReadAction\",\"target\":[\"http:\/\/faunaautoctona.com\/web\/criadores-de-la-sociedad\/\"]}]}]}<\/script>\n<!-- \/ Yoast SEO plugin. -->","jetpack_sharing_enabled":true,"jetpack_shortlink":"https:\/\/wp.me\/P8t81g-1K","jetpack-related-posts":[],"_links":{"self":[{"href":"https:\/\/faunaautoctona.com\/web\/wp-json\/wp\/v2\/pages\/108"}],"collection":[{"href":"https:\/\/faunaautoctona.com\/web\/wp-json\/wp\/v2\/pages"}],"about":[{"href":"https:\/\/faunaautoctona.com\/web\/wp-json\/wp\/v2\/types\/page"}],"author":[{"embeddable":true,"href":"https:\/\/faunaautoctona.com\/web\/wp-json\/wp\/v2\/users\/1"}],"replies":[{"embeddable":true,"href":"https:\/\/faunaautoctona.com\/web\/wp-json\/wp\/v2\/comments?post=108"}],"version-history":[{"count":45,"href":"https:\/\/faunaautoctona.com\/web\/wp-json\/wp\/v2\/pages\/108\/revisions"}],"predecessor-version":[{"id":927,"href":"https:\/\/faunaautoctona.com\/web\/wp-json\/wp\/v2\/pages\/108\/revisions\/927"}],"wp:attachment":[{"href":"https:\/\/faunaautoctona.com\/web\/wp-json\/wp\/v2\/media?parent=108"}],"curies":[{"name":"wp","href":"https:\/\/api.w.org\/{rel}","templated":true}]}}