{"id":783,"date":"2018-03-08T19:45:51","date_gmt":"2018-03-08T19:45:51","guid":{"rendered":"http:\/\/faunaautoctona.com\/web\/?page_id=783"},"modified":"2018-03-08T19:47:34","modified_gmt":"2018-03-08T19:47:34","slug":"anillas-cat","status":"publish","type":"page","link":"https:\/\/faunaautoctona.com\/web\/anillas-cat\/","title":{"rendered":"Anillas CAT-2018"},"content":{"rendered":"<p>La Sociedad FaunaAutoctona gestionar\u00e1 las anillas para la temporada 2018 con siglas CAT que da la administraci\u00f3n para anillar los silvestres criados en cautividad,<br \/>\nMedio ambiente nos mandar\u00e1 las anillas siempre que se pueda acreditar la procedencia legal de los progenitores, por tanto han de estar en la base de datos de ejemplares capturados durante los a\u00f1os 2011, 2014 y 2015.<br \/>\nPara solicitarlas, hay que imprimir el adjunto y rellenarlo, una vez rellenado ten\u00e9is que hacerlo llegar a la sociedad.<\/p>\n<p>Pudiendo enviarlos a la direcci\u00f3n:<br \/>\n    Sociedad FaunaAutoctona<br \/>\n    Avenida Matadepera 229, 2\u00ba 1\u00aa<br \/>\n    08207 &#8211; SABADELL &#8211; BARCELONA<br \/>\no<\/p>\n<p>    Sociedad FaunaAutoctona<br \/>\n    Avenida Frances Macia 12, 2\u00ba<br \/>\n    08800 &#8211; VILANOVA I LA GELTRU &#8211; BARCELONA<\/p>\n<p>O podeis entregarlo en mano a Pep Cruells o Ismael Rubira.<\/p>\n<p>DESCARGAR &#8212;-> <a href=\"https:\/\/www.dropbox.com\/s\/nr5xigd3m5ce2sh\/Sol%C2%B7licitud%20Anelles.pdf?dl=0\">Pulsa para descargar solicitud<\/a><\/p>\n","protected":false},"excerpt":{"rendered":"<p>La Sociedad FaunaAutoctona gestionar\u00e1 las anillas para la temporada 2018 con siglas CAT que da la administraci\u00f3n para anillar los silvestres criados en cautividad, Medio ambiente nos mandar\u00e1 las anillas siempre que se pueda acreditar la procedencia legal de los progenitores, por tanto han de estar en la base de datos de ejemplares capturados durante &hellip; <a href=\"https:\/\/faunaautoctona.com\/web\/anillas-cat\/\" class=\"more-link\">Seguir leyendo <span class=\"screen-reader-text\">Anillas CAT-2018<\/span> <span class=\"meta-nav\">&rarr;<\/span><\/a><\/p>\n","protected":false},"author":1,"featured_media":0,"parent":0,"menu_order":0,"comment_status":"closed","ping_status":"closed","template":"","meta":{"spay_email":""},"yoast_head":"<!-- This site is optimized with the Yoast SEO plugin v14.9 - https:\/\/yoast.com\/wordpress\/plugins\/seo\/ -->\n<meta name=\"robots\" content=\"index, follow, max-snippet:-1, max-image-preview:large, max-video-preview:-1\" \/>\n<link rel=\"canonical\" href=\"http:\/\/faunaautoctona.com\/web\/anillas-cat\/\" \/>\n<meta property=\"og:locale\" content=\"es_ES\" \/>\n<meta property=\"og:type\" content=\"article\" \/>\n<meta property=\"og:title\" content=\"Anillas CAT-2018 - My CMS\" \/>\n<meta property=\"og:description\" content=\"La Sociedad FaunaAutoctona gestionar\u00e1 las anillas para la temporada 2018 con siglas CAT que da la administraci\u00f3n para anillar los silvestres criados en cautividad, Medio ambiente nos mandar\u00e1 las anillas siempre que se pueda acreditar la procedencia legal de los progenitores, por tanto han de estar en la base de datos de ejemplares capturados durante &hellip; Seguir leyendo Anillas CAT-2018 &rarr;\" \/>\n<meta property=\"og:url\" content=\"http:\/\/faunaautoctona.com\/web\/anillas-cat\/\" \/>\n<meta property=\"og:site_name\" content=\"My CMS\" \/>\n<meta property=\"article:publisher\" content=\"https:\/\/www.facebook.com\/groups\/1798967427016765\/?fref=nf\" \/>\n<meta property=\"article:modified_time\" content=\"2018-03-08T19:47:34+00:00\" \/>\n<meta name=\"twitter:card\" content=\"summary\" \/>\n<script type=\"application\/ld+json\" class=\"yoast-schema-graph\">{\"@context\":\"https:\/\/schema.org\",\"@graph\":[{\"@type\":\"WebSite\",\"@id\":\"https:\/\/faunaautoctona.com\/web\/#website\",\"url\":\"https:\/\/faunaautoctona.com\/web\/\",\"name\":\"My CMS\",\"description\":\"Tu Sociedad\",\"potentialAction\":[{\"@type\":\"SearchAction\",\"target\":\"https:\/\/faunaautoctona.com\/web\/?s={search_term_string}\",\"query-input\":\"required name=search_term_string\"}],\"inLanguage\":\"es\"},{\"@type\":\"WebPage\",\"@id\":\"http:\/\/faunaautoctona.com\/web\/anillas-cat\/#webpage\",\"url\":\"http:\/\/faunaautoctona.com\/web\/anillas-cat\/\",\"name\":\"Anillas CAT-2018 - My CMS\",\"isPartOf\":{\"@id\":\"https:\/\/faunaautoctona.com\/web\/#website\"},\"datePublished\":\"2018-03-08T19:45:51+00:00\",\"dateModified\":\"2018-03-08T19:47:34+00:00\",\"inLanguage\":\"es\",\"potentialAction\":[{\"@type\":\"ReadAction\",\"target\":[\"http:\/\/faunaautoctona.com\/web\/anillas-cat\/\"]}]}]}<\/script>\n<!-- \/ Yoast SEO plugin. -->","jetpack_sharing_enabled":true,"jetpack_shortlink":"https:\/\/wp.me\/P8t81g-cD","jetpack-related-posts":[],"_links":{"self":[{"href":"https:\/\/faunaautoctona.com\/web\/wp-json\/wp\/v2\/pages\/783"}],"collection":[{"href":"https:\/\/faunaautoctona.com\/web\/wp-json\/wp\/v2\/pages"}],"about":[{"href":"https:\/\/faunaautoctona.com\/web\/wp-json\/wp\/v2\/types\/page"}],"author":[{"embeddable":true,"href":"https:\/\/faunaautoctona.com\/web\/wp-json\/wp\/v2\/users\/1"}],"replies":[{"embeddable":true,"href":"https:\/\/faunaautoctona.com\/web\/wp-json\/wp\/v2\/comments?post=783"}],"version-history":[{"count":2,"href":"https:\/\/faunaautoctona.com\/web\/wp-json\/wp\/v2\/pages\/783\/revisions"}],"predecessor-version":[{"id":785,"href":"https:\/\/faunaautoctona.com\/web\/wp-json\/wp\/v2\/pages\/783\/revisions\/785"}],"wp:attachment":[{"href":"https:\/\/faunaautoctona.com\/web\/wp-json\/wp\/v2\/media?parent=783"}],"curies":[{"name":"wp","href":"https:\/\/api.w.org\/{rel}","templated":true}]}}